{"id":2064,"date":"2012-03-06T10:38:54","date_gmt":"2012-03-06T09:38:54","guid":{"rendered":"http:\/\/www.atletikaolomouc.cz\/?page_id=2064"},"modified":"2023-01-26T16:04:18","modified_gmt":"2023-01-26T15:04:18","slug":"letni-tabor-tremesek","status":"publish","type":"page","link":"https:\/\/old.atletikaolomouc.cz\/?page_id=2064","title":{"rendered":"NESM\u011a\u0158 2022"},"content":{"rendered":"<p style=\"text-align: justify;\">V term\u00ednu<strong> 13. &#8211; 20. 8. 2022<\/strong>&nbsp;se letos op\u011bt vrac\u00edme na Vyso\u010dinu do rekrea\u010dn\u00edho&nbsp; st\u0159ediska <strong>Nesm\u011b\u0159.<\/strong>&nbsp;To se nach\u00e1z\u00ed 5 km jihov\u00fdchodn\u011b od Velk\u00e9ho Mezi\u0159\u00ed\u010d\u00ed v zalesn\u011bn\u00e9m \u00fadol\u00ed \u0159eky Oslavy. Po\u010det \u00fa\u010dastn\u00edk\u016f t\u00e1bora je z kapacitn\u00edch d\u016fvod\u016f <strong>omezen na 90 d\u011bt\u00ed.<\/strong><\/p>\n<p style=\"text-align: justify;\"><!--more--><\/p>\n<p style=\"text-align: justify;\"><strong>Term\u00edn:<\/strong><br \/>\n13. &#8211; 20. srpna 2022 (sobota-sobota)<\/p>\n<p style=\"text-align: justify;\"><strong>M\u00edsto:<br \/>\n<\/strong>RS Nesm\u011b\u0159 &#8211; <a href=\"https:\/\/www.rekreacnistrediska.cz\/strediska\/nesmer\" target=\"_blank\" rel=\"noopener\">https:\/\/www.rekreacnistrediska.cz\/strediska\/nesmer<\/a><\/p>\n<p style=\"text-align: justify;\"><strong><span style=\"font-size: 14pt;\">P\u0159ihl\u00e1\u0161ky:<\/span><br \/>\n<\/strong><span style=\"font-size: 14pt;\">Pro \u010dleny klubu bude p\u0159ihl\u00e1\u0161ka spu\u0161t\u011bna <strong>za\u010d\u00e1tkem \u00fanora v \u010dlensk\u00e9 sekci EOS.<\/strong> Ne\u010dleni pros\u00edm kontaktujte vedouc\u00edho t\u00e1bora Tom\u00e1\u0161e D. <strong>nejd\u0159\u00edve v b\u0159eznu!<\/strong><\/span><\/p>\n<p style=\"text-align: justify;\"><strong>Hlavn\u00ed vedouc\u00ed:<\/strong><br \/>\nTom\u00e1\u0161 Do\u010dkal<br \/>\ntel: 725 752 767<br \/>\nemail: <a href=\"mailto:pripravky@atletikaolomouc.cz\">pripravky@atletikaolomouc.cz<\/a><\/p>\n<p><strong>Cena:<\/strong><br \/>\n\u010clenov\u00e9 klubu &#8211; 4300,-<br \/>\nOstatn\u00ed &#8211; 4700,-<br \/>\n<strong>P\u0159\u00edkazy k \u00fahrad\u011b budou \u010dlen\u016fm vygenerov\u00e1ny v \u010dlensk\u00e9 sekci EOS a ostatn\u00edm budou zasl\u00e1ny emailem. Splatnost plateb nejpozd\u011bji 30.6.2022.<\/strong><\/p>\n<p style=\"text-align: justify;\"><strong>N\u00e1pl\u0148:<\/strong><br \/>\nv\u0161estrann\u00e1 sportovn\u00ed p\u0159\u00edprava, t\u00fdmov\u00e9 hry, z\u00e1bava, turistika, op\u00e9k\u00e1n\u00ed \u0161pek\u00e1\u010dk\u016f a v\u0161e co pat\u0159\u00ed k letn\u00edm pr\u00e1zdnin\u00e1m<\/p>\n<p style=\"text-align: justify;\"><strong>Pro d\u011bti:<\/strong><br \/>\n7 \u2013 14 let (ro\u010d. narozen\u00ed 2015 &#8211; 2008, na v\u00fdjimku hlavn\u00edho vedouc\u00edho i ro\u010d. narozen\u00ed 2007)<\/p>\n<p style=\"text-align: justify;\"><strong>Doprava:<\/strong><br \/>\nz\u00e1jezdn\u00edm autobusem<\/p>\n<p style=\"text-align: justify;\"><strong>Stravov\u00e1n\u00ed:<\/strong><br \/>\npln\u00e1 penze, strava 5x denn\u011b, pitn\u00fd re\u017eim po cel\u00fd den<\/p>\n<p><strong>Ubytov\u00e1n\u00ed:<\/strong><br \/>\nve 4 l\u016f\u017ekov\u00fdch chatk\u00e1ch, zahrnuje deku\/pe\u0159inu, pol\u0161t\u00e1\u0159 a lo\u017en\u00ed pr\u00e1dlo<\/p>\n<p><strong>P\u0159edchoz\u00ed ro\u010dn\u00edky:<\/strong><\/p>\n<p><a href=\"https:\/\/old.atletikaolomouc.cz\/?p=35120\" target=\"_blank\" rel=\"noopener\">Nesm\u011b\u0159 2022 &#8211; foto<\/a><\/p>\n<p><a href=\"https:\/\/old.atletikaolomouc.cz\/?p=31795\" target=\"_blank\" rel=\"noopener\">Nesm\u011b\u0159 2021 &#8211; foto<\/a><\/p>\n<p><a href=\"https:\/\/old.atletikaolomouc.cz\/?p=18619\" target=\"_blank\" rel=\"noopener\">Nesm\u011br 2020 &#8211; foto<\/a><\/p>\n<p><a href=\"https:\/\/old.atletikaolomouc.cz\/?p=14063\" target=\"_blank\" rel=\"noopener\">T\u0159eme\u0161ek 2019 &#8211; foto<\/a><\/p>\n<p><a href=\"https:\/\/www.facebook.com\/media\/set\/?vanity=atletikaolomouc&amp;set=a.2014363571917274\" target=\"_blank\" rel=\"noopener\">T\u0159eme\u0161ek 2018 &#8211; foto<\/a><\/p>\n<p style=\"text-align: justify;\"><a title=\"T\u0159eme\u0161ek 2017\" href=\"http:\/\/old.atletikaolomouc.cz\/?p=9220\" target=\"_blank\" rel=\"noopener\">T\u0159eme\u0161ek 2017<\/a><\/p>\n<p style=\"text-align: justify;\"><a title=\"T\u0159eme\u0161ek 2016\" href=\"http:\/\/old.atletikaolomouc.cz\/?p=7876\" target=\"_blank\" rel=\"noopener\">T\u0159eme\u0161ek 2016 &#8211; foto<\/a><\/p>\n<p style=\"text-align: justify;\"><a href=\"https:\/\/plus.google.com\/photos\/+AtletikaolomoucCz\/albums\/6182054938221619025\">T\u0159eme\u0161ek 2015 &#8211; foto<\/a><\/p>\n","protected":false},"excerpt":{"rendered":"<p>V term\u00ednu 13. &#8211; 20. 8. 2022&nbsp;se letos op\u011bt vrac\u00edme na Vyso\u010dinu do rekrea\u010dn\u00edho&nbsp; st\u0159ediska Nesm\u011b\u0159.&nbsp;To se nach\u00e1z\u00ed 5 km jihov\u00fdchodn\u011b od Velk\u00e9ho Mezi\u0159\u00ed\u010d\u00ed v zalesn\u011bn\u00e9m \u00fadol\u00ed \u0159eky Oslavy. Po\u010det \u00fa\u010dastn\u00edk\u016f t\u00e1bora je z kapacitn\u00edch d\u016fvod\u016f omezen na 90 d\u011bt\u00ed.<\/p>\n","protected":false},"author":4,"featured_media":32980,"parent":0,"menu_order":0,"comment_status":"closed","ping_status":"closed","template":"","meta":{"ngg_post_thumbnail":0},"_links":{"self":[{"href":"https:\/\/old.atletikaolomouc.cz\/index.php?rest_route=\/wp\/v2\/pages\/2064"}],"collection":[{"href":"https:\/\/old.atletikaolomouc.cz\/index.php?rest_route=\/wp\/v2\/pages"}],"about":[{"href":"https:\/\/old.atletikaolomouc.cz\/index.php?rest_route=\/wp\/v2\/types\/page"}],"author":[{"embeddable":true,"href":"https:\/\/old.atletikaolomouc.cz\/index.php?rest_route=\/wp\/v2\/users\/4"}],"replies":[{"embeddable":true,"href":"https:\/\/old.atletikaolomouc.cz\/index.php?rest_route=%2Fwp%2Fv2%2Fcomments&post=2064"}],"version-history":[{"count":80,"href":"https:\/\/old.atletikaolomouc.cz\/index.php?rest_route=\/wp\/v2\/pages\/2064\/revisions"}],"predecessor-version":[{"id":36559,"href":"https:\/\/old.atletikaolomouc.cz\/index.php?rest_route=\/wp\/v2\/pages\/2064\/revisions\/36559"}],"wp:featuredmedia":[{"embeddable":true,"href":"https:\/\/old.atletikaolomouc.cz\/index.php?rest_route=\/wp\/v2\/media\/32980"}],"wp:attachment":[{"href":"https:\/\/old.atletikaolomouc.cz\/index.php?rest_route=%2Fwp%2Fv2%2Fmedia&parent=2064"}],"curies":[{"name":"wp","href":"https:\/\/api.w.org\/{rel}","templated":true}]}}

NESMĚŘ 2022

<p style="text-align: justify;">V termínu<strong> 13. &#8211; 20. 8. 2022</strong>&nbsp;se letos opět vracíme na Vysočinu do rekreačního&nbsp; střediska <strong>Nesměř.</strong>&nbsp;To se nachází 5 km jihovýchodně od Velkého Meziříčí v zalesněném údolí řeky Oslavy. Počet účastníků tábora je z kapacitních důvodů <strong>omezen na 90 dětí.</strong></p>
<p style="text-align: justify;"><!--more--></p>
<p style="text-align: justify;"><strong>Termín:</strong><br />
13. &#8211; 20. srpna 2022 (sobota-sobota)</p>
<p style="text-align: justify;"><strong>Místo:<br />
</strong>RS Nesměř &#8211; <a href="https://www.rekreacnistrediska.cz/strediska/nesmer" target="_blank" rel="noopener">https://www.rekreacnistrediska.cz/strediska/nesmer</a></p>
<p style="text-align: justify;"><strong><span style="font-size: 14pt;">Přihlášky:</span><br />
</strong><span style="font-size: 14pt;">Pro členy klubu bude přihláška spuštěna <strong>začátkem února v členské sekci EOS.</strong> Nečleni prosím kontaktujte vedoucího tábora Tomáše D. <strong>nejdříve v březnu!</strong></span></p>
<p style="text-align: justify;"><strong>Hlavní vedoucí:</strong><br />
Tomáš Dočkal<br />
tel: 725 752 767<br />
email: <a href="mailto:pripravky@atletikaolomouc.cz">pripravky@atletikaolomouc.cz</a></p>
<p><strong>Cena:</strong><br />
Členové klubu &#8211; 4300,-<br />
Ostatní &#8211; 4700,-<br />
<strong>Příkazy k úhradě budou členům vygenerovány v členské sekci EOS a ostatním budou zaslány emailem. Splatnost plateb nejpozději 30.6.2022.</strong></p>
<p style="text-align: justify;"><strong>Náplň:</strong><br />
všestranná sportovní příprava, týmové hry, zábava, turistika, opékání špekáčků a vše co patří k letním prázdninám</p>
<p style="text-align: justify;"><strong>Pro děti:</strong><br />
7 – 14 let (roč. narození 2015 &#8211; 2008, na výjimku hlavního vedoucího i roč. narození 2007)</p>
<p style="text-align: justify;"><strong>Doprava:</strong><br />
zájezdním autobusem</p>
<p style="text-align: justify;"><strong>Stravování:</strong><br />
plná penze, strava 5x denně, pitný režim po celý den</p>
<p><strong>Ubytování:</strong><br />
ve 4 lůžkových chatkách, zahrnuje deku/peřinu, polštář a ložní prádlo</p>
<p><strong>Předchozí ročníky:</strong></p>
<p><a href="https://old.atletikaolomouc.cz/?p=35120" target="_blank" rel="noopener">Nesměř 2022 &#8211; foto</a></p>
<p><a href="https://old.atletikaolomouc.cz/?p=31795" target="_blank" rel="noopener">Nesměř 2021 &#8211; foto</a></p>
<p><a href="https://old.atletikaolomouc.cz/?p=18619" target="_blank" rel="noopener">Nesměr 2020 &#8211; foto</a></p>
<p><a href="https://old.atletikaolomouc.cz/?p=14063" target="_blank" rel="noopener">Třemešek 2019 &#8211; foto</a></p>
<p><a href="https://www.facebook.com/media/set/?vanity=atletikaolomouc&amp;set=a.2014363571917274" target="_blank" rel="noopener">Třemešek 2018 &#8211; foto</a></p>
<p style="text-align: justify;"><a title="Třemešek 2017" href="http://old.atletikaolomouc.cz/?p=9220" target="_blank" rel="noopener">Třemešek 2017</a></p>
<p style="text-align: justify;"><a title="Třemešek 2016" href="http://old.atletikaolomouc.cz/?p=7876" target="_blank" rel="noopener">Třemešek 2016 &#8211; foto</a></p>
<p style="text-align: justify;"><a href="https://plus.google.com/photos/+AtletikaolomoucCz/albums/6182054938221619025">Třemešek 2015 &#8211; foto</a></p>

<p>V termínu 13. &#8211; 20. 8. 2022&nbsp;se letos opět vracíme na Vysočinu do rekreačního&nbsp; střediska Nesměř.&nbsp;To se nachází 5 km jihovýchodně od Velkého Meziříčí v zalesněném údolí řeky Oslavy. Počet účastníků tábora je z kapacitních důvodů omezen na 90 dětí.</p>
