{"id":31078,"date":"2021-07-01T13:30:22","date_gmt":"2021-07-01T11:30:22","guid":{"rendered":"https:\/\/www.atletikaolomouc.cz\/?page_id=31078"},"modified":"2021-07-02T14:50:51","modified_gmt":"2021-07-02T12:50:51","slug":"covid-opatreni","status":"publish","type":"page","link":"https:\/\/old.atletikaolomouc.cz\/?page_id=31078","title":{"rendered":"COVID OPAT\u0158EN\u00cd"},"content":{"rendered":"<p style=\"text-align: justify;\"><span style=\"font-size: 14pt;\">\u010cESTN\u00c9 PROHL\u00c1\u0160EN\u00cd<a href=\"https:\/\/www.atletikaolomouc.cz\/wp-content\/uploads\/2021\/07\/CZO-dnes-cestne-prohlaseni-web_final-hlavi\u010dka-1.docx\"> KE STA\u017dEN\u00cd ZDE<\/a><\/span><\/p>\n<p style=\"text-align: justify;\"><strong>PODM\u00cdNKY VSTUPU NA STADION:<\/strong><\/p>\n<p style=\"text-align: justify;\"><strong>V\u0161ichni \u00fa\u010dastn\u00edci (z\u00e1vodn\u00edci, tren\u00e9\u0159i, doprovod, po\u0159adatel\u00e9 a div\u00e1ci) budou povinni p\u0159i vstupu na stadion p\u0159edlo\u017eit &#8222;\u010cestn\u00e9 prohl\u00e1\u0161en\u00ed COVID&#8220; o spln\u011bn\u00ed podm\u00ednek pro \u00fa\u010dast na hromadn\u00e9 sportovn\u00ed akci dle platn\u00fdch na\u0159\u00edzen\u00ed Vl\u00e1dy \u010cR a Ministerstva zdravotnictv\u00ed \u010cR. V p\u0159\u00edpad\u011b z\u00e1vodn\u00edk\u016f mlad\u0161\u00edch 18 let mus\u00ed b\u00fdt \u010destn\u00e9 prohl\u00e1\u0161en\u00ed podeps\u00e1no z\u00e1konn\u00fdm z\u00e1stupcem.<\/strong><\/p>\n<p style=\"text-align: justify;\"><strong><br \/>\n<\/strong><strong>Podm\u00ednky pro vstup:<br \/>\n<\/strong><strong>a)<\/strong> osoba absolvovala nejd\u00e9le p\u0159ed 7 dny RT-PCR vy\u0161et\u0159en\u00ed na p\u0159\u00edtomnost viru SARS-CoV-2 s negativn\u00edm v\u00fdsledkem, nebo<br \/>\n<strong>b)<\/strong> osoba absolvovala nejd\u00e9le p\u0159ed 72 hodinami POC test na p\u0159\u00edtomnost antigenu viru SARS-CoV-2<br \/>\ns negativn\u00edm v\u00fdsledkem, nebo<br \/>\n<strong>c)<\/strong> osoba byla o\u010dkov\u00e1na proti onemocn\u011bn\u00ed covid-19 a dolo\u017e\u00ed n\u00e1rodn\u00edm certifik\u00e1tem o proveden\u00e9m o\u010dkov\u00e1n\u00ed, kter\u00e9 je p\u00edsemn\u00fdm potvrzen\u00edm vydan\u00fdm alespo\u0148 v anglick\u00e9m jazyce opr\u00e1vn\u011bn\u00fdm subjektem p\u016fsob\u00edc\u00edm v \u010cesk\u00e9 republice, v jin\u00e9m \u010dlensk\u00e9m st\u00e1t\u011b Evropsk\u00e9 unie nebo ve st\u00e1t\u011b, kter\u00fd je uveden ve Sd\u011blen\u00ed Ministerstva zdravotnictv\u00ed jako zem\u011b nebo jej\u00ed \u010d\u00e1st s n\u00edzk\u00fdm rizikem n\u00e1kazy onemocn\u011bn\u00ed covid-19, jeho\u017e vzor je zve\u0159ejn\u011bn v seznamu uznan\u00fdch n\u00e1rodn\u00edch certifik\u00e1t\u016f na internetov\u00fdch str\u00e1nk\u00e1ch Ministerstva zdravotnictv\u00ed \u010cesk\u00e9 republiky, kter\u00e9 obsahuje \u00fadaje o o\u010dkovan\u00e9 osob\u011b, podan\u00e9mu typu vakc\u00edny, datu pod\u00e1n\u00ed vakc\u00edny, identifikaci subjektu, kter\u00fd potvrzen\u00ed vydal, \u017ee u o\u010dkov\u00e1n\u00ed uplynulo:<\/p>\n<p style=\"text-align: justify;\">i) od aplikace druh\u00e9 d\u00e1vky o\u010dkovac\u00ed l\u00e1tky v p\u0159\u00edpad\u011b dvoud\u00e1vkov\u00e9ho sch\u00e9matu nejm\u00e9n\u011b 14 dn\u00ed, nebo<br \/>\nii) od aplikace d\u00e1vky o\u010dkovac\u00ed l\u00e1tky v p\u0159\u00edpad\u011b jednod\u00e1vkov\u00e9ho sch\u00e9matu podle SPC nejm\u00e9n\u011b 14 dn\u00ed,<br \/>\nale ne v\u00edce ne\u017e 9 m\u011bs\u00edc\u016f, nebo<\/p>\n<p style=\"text-align: justify;\"><strong>d)<\/strong> osoba prod\u011blala laboratorn\u011b potvrzen\u00e9 onemocn\u011bn\u00ed covid-19, uplynula u n\u00ed doba izolace podle platn\u00e9ho mimo\u0159\u00e1dn\u00e9ho opat\u0159en\u00ed Ministerstva zdravotnictv\u00ed a od prvn\u00edho pozitivn\u00edho POC antigenn\u00edho testu na p\u0159\u00edtomnost antigenu viru SARS-CoV-2 nebo RT-PCR testu na p\u0159\u00edtomnost viru SARS-CoV-2 neuplynulo v\u00edce ne\u017e 180 dn\u00ed, nebo<br \/>\n<strong>e)<\/strong> osoba na m\u00edst\u011b podstoup\u00ed preventivn\u00ed antigenn\u00ed test na stanoven\u00ed p\u0159\u00edtomnosti antigenu viru SARS-CoV-2, kter\u00fd je ur\u010den<br \/>\npro sebetestov\u00e1n\u00ed nebo povolen\u00fd Ministerstvem zdravotnictv\u00ed k pou\u017eit\u00ed laickou osobou, s negativn\u00edm v\u00fdsledkem, nebo<br \/>\n<strong>f)<\/strong> osoba absolvovala v r\u00e1mci povinn\u00e9ho testov\u00e1n\u00ed zam\u011bstnanc\u016f stanoven\u00e9ho jin\u00fdm mimo\u0159\u00e1dn\u00fdm opat\u0159en\u00edm Ministerstva zdravotnictv\u00ed nejd\u00e9le p\u0159ed 72 hodinami test na stanoven\u00ed p\u0159\u00edtomnosti antigenu viru SARS-CoV-2, kter\u00fd je ur\u010den pro sebetestov\u00e1n\u00ed nebo povolen\u00fd Ministerstvem zdravotnictv\u00ed k pou\u017eit\u00ed laickou osobou a byl osob\u011b poskytnut jej\u00edm zam\u011bstnavatelem, s negativn\u00edm v\u00fdsledkem; tato skute\u010dnost se dokl\u00e1d\u00e1 potvrzen\u00edm od zam\u011bstnavatele nebo \u010destn\u00fdm prohl\u00e1\u0161en\u00edm, nebo<br \/>\n<strong>g)<\/strong> osoba ve \u0161kole nebo \u0161kolsk\u00e9m za\u0159\u00edzen\u00ed absolvovala podle jin\u00e9ho mimo\u0159\u00e1dn\u00e9ho opat\u0159en\u00ed Ministerstva zdravotnictv\u00ed nejd\u00e9le p\u0159ed 72 hodinami test na stanoven\u00ed p\u0159\u00edtomnosti antigenu viru SARS-CoV-2, kter\u00fd je ur\u010den pro sebetestov\u00e1n\u00ed nebo povolen\u00fd Ministerstvem zdravotnictv\u00ed k pou\u017eit\u00ed laickou osobou, s negativn\u00edm v\u00fdsledkem, tato skute\u010dnost se dokl\u00e1d\u00e1 \u010destn\u00fdm prohl\u00e1\u0161en\u00edm, resp. \u010destn\u00fdm prohl\u00e1\u0161en\u00edm z\u00e1konn\u00e9ho z\u00e1stupce osoby nebo potvrzen\u00edm \u0161koly.<\/p>\n<p style=\"text-align: justify;\"><strong><span style=\"font-size: 14pt;\">PODM\u00cdNKY VSTUPU NA STADION<a href=\"https:\/\/www.atletikaolomouc.cz\/wp-content\/uploads\/2021\/07\/Podm\u00ednky-vstupu-na-stadion.docx\"> KE STA\u017dEN\u00cd ZDE<\/a><\/span><a href=\"https:\/\/www.atletikaolomouc.cz\/wp-content\/uploads\/2021\/07\/Podm\u00ednky-vstupu-na-stadion.docx\">&nbsp;<\/a><\/strong><\/p>\n<p style=\"text-align: justify;\"><strong>V\u00edce informac\u00ed <a href=\"https:\/\/www.vlada.cz\/cz\/epidemie-koronaviru\/dulezite-informace\/mimoradna-a-ochranna-opatreni-_-co-aktualne-plati-180234\/\" target=\"_blank\" rel=\"noopener\">na webu Vl\u00e1dy<\/a><\/strong><\/p>\n","protected":false},"excerpt":{"rendered":"<p>\u010cESTN\u00c9 PROHL\u00c1\u0160EN\u00cd KE STA\u017dEN\u00cd ZDE PODM\u00cdNKY VSTUPU NA STADION: V\u0161ichni \u00fa\u010dastn\u00edci (z\u00e1vodn\u00edci, tren\u00e9\u0159i, doprovod, po\u0159adatel\u00e9 a div\u00e1ci) budou povinni p\u0159i vstupu na stadion p\u0159edlo\u017eit &#8222;\u010cestn\u00e9 prohl\u00e1\u0161en\u00ed COVID&#8220; o spln\u011bn\u00ed podm\u00ednek pro \u00fa\u010dast na hromadn\u00e9 sportovn\u00ed akci dle platn\u00fdch na\u0159\u00edzen\u00ed Vl\u00e1dy &hellip; <a href=\"https:\/\/old.atletikaolomouc.cz\/?page_id=31078\">Continue reading <span class=\"meta-nav\">&rarr;<\/span><\/a><\/p>\n","protected":false},"author":14,"featured_media":0,"parent":5588,"menu_order":5,"comment_status":"closed","ping_status":"closed","template":"","meta":{"ngg_post_thumbnail":0},"_links":{"self":[{"href":"https:\/\/old.atletikaolomouc.cz\/index.php?rest_route=\/wp\/v2\/pages\/31078"}],"collection":[{"href":"https:\/\/old.atletikaolomouc.cz\/index.php?rest_route=\/wp\/v2\/pages"}],"about":[{"href":"https:\/\/old.atletikaolomouc.cz\/index.php?rest_route=\/wp\/v2\/types\/page"}],"author":[{"embeddable":true,"href":"https:\/\/old.atletikaolomouc.cz\/index.php?rest_route=\/wp\/v2\/users\/14"}],"replies":[{"embeddable":true,"href":"https:\/\/old.atletikaolomouc.cz\/index.php?rest_route=%2Fwp%2Fv2%2Fcomments&post=31078"}],"version-history":[{"count":4,"href":"https:\/\/old.atletikaolomouc.cz\/index.php?rest_route=\/wp\/v2\/pages\/31078\/revisions"}],"predecessor-version":[{"id":31091,"href":"https:\/\/old.atletikaolomouc.cz\/index.php?rest_route=\/wp\/v2\/pages\/31078\/revisions\/31091"}],"up":[{"embeddable":true,"href":"https:\/\/old.atletikaolomouc.cz\/index.php?rest_route=\/wp\/v2\/pages\/5588"}],"wp:attachment":[{"href":"https:\/\/old.atletikaolomouc.cz\/index.php?rest_route=%2Fwp%2Fv2%2Fmedia&parent=31078"}],"curies":[{"name":"wp","href":"https:\/\/api.w.org\/{rel}","templated":true}]}}

COVID OPATŘENÍ

<p style="text-align: justify;"><span style="font-size: 14pt;">ČESTNÉ PROHLÁŠENÍ<a href="https://www.atletikaolomouc.cz/wp-content/uploads/2021/07/CZO-dnes-cestne-prohlaseni-web_final-hlavička-1.docx"> KE STAŽENÍ ZDE</a></span></p>
<p style="text-align: justify;"><strong>PODMÍNKY VSTUPU NA STADION:</strong></p>
<p style="text-align: justify;"><strong>Všichni účastníci (závodníci, trenéři, doprovod, pořadatelé a diváci) budou povinni při vstupu na stadion předložit &#8222;Čestné prohlášení COVID&#8220; o splnění podmínek pro účast na hromadné sportovní akci dle platných nařízení Vlády ČR a Ministerstva zdravotnictví ČR. V případě závodníků mladších 18 let musí být čestné prohlášení podepsáno zákonným zástupcem.</strong></p>
<p style="text-align: justify;"><strong><br />
</strong><strong>Podmínky pro vstup:<br />
</strong><strong>a)</strong> osoba absolvovala nejdéle před 7 dny RT-PCR vyšetření na přítomnost viru SARS-CoV-2 s negativním výsledkem, nebo<br />
<strong>b)</strong> osoba absolvovala nejdéle před 72 hodinami POC test na přítomnost antigenu viru SARS-CoV-2<br />
s negativním výsledkem, nebo<br />
<strong>c)</strong> osoba byla očkována proti onemocnění covid-19 a doloží národním certifikátem o provedeném očkování, které je písemným potvrzením vydaným alespoň v anglickém jazyce oprávněným subjektem působícím v České republice, v jiném členském státě Evropské unie nebo ve státě, který je uveden ve Sdělení Ministerstva zdravotnictví jako země nebo její část s nízkým rizikem nákazy onemocnění covid-19, jehož vzor je zveřejněn v seznamu uznaných národních certifikátů na internetových stránkách Ministerstva zdravotnictví České republiky, které obsahuje údaje o očkované osobě, podanému typu vakcíny, datu podání vakcíny, identifikaci subjektu, který potvrzení vydal, že u očkování uplynulo:</p>
<p style="text-align: justify;">i) od aplikace druhé dávky očkovací látky v případě dvoudávkového schématu nejméně 14 dní, nebo<br />
ii) od aplikace dávky očkovací látky v případě jednodávkového schématu podle SPC nejméně 14 dní,<br />
ale ne více než 9 měsíců, nebo</p>
<p style="text-align: justify;"><strong>d)</strong> osoba prodělala laboratorně potvrzené onemocnění covid-19, uplynula u ní doba izolace podle platného mimořádného opatření Ministerstva zdravotnictví a od prvního pozitivního POC antigenního testu na přítomnost antigenu viru SARS-CoV-2 nebo RT-PCR testu na přítomnost viru SARS-CoV-2 neuplynulo více než 180 dní, nebo<br />
<strong>e)</strong> osoba na místě podstoupí preventivní antigenní test na stanovení přítomnosti antigenu viru SARS-CoV-2, který je určen<br />
pro sebetestování nebo povolený Ministerstvem zdravotnictví k použití laickou osobou, s negativním výsledkem, nebo<br />
<strong>f)</strong> osoba absolvovala v rámci povinného testování zaměstnanců stanoveného jiným mimořádným opatřením Ministerstva zdravotnictví nejdéle před 72 hodinami test na stanovení přítomnosti antigenu viru SARS-CoV-2, který je určen pro sebetestování nebo povolený Ministerstvem zdravotnictví k použití laickou osobou a byl osobě poskytnut jejím zaměstnavatelem, s negativním výsledkem; tato skutečnost se dokládá potvrzením od zaměstnavatele nebo čestným prohlášením, nebo<br />
<strong>g)</strong> osoba ve škole nebo školském zařízení absolvovala podle jiného mimořádného opatření Ministerstva zdravotnictví nejdéle před 72 hodinami test na stanovení přítomnosti antigenu viru SARS-CoV-2, který je určen pro sebetestování nebo povolený Ministerstvem zdravotnictví k použití laickou osobou, s negativním výsledkem, tato skutečnost se dokládá čestným prohlášením, resp. čestným prohlášením zákonného zástupce osoby nebo potvrzením školy.</p>
<p style="text-align: justify;"><strong><span style="font-size: 14pt;">PODMÍNKY VSTUPU NA STADION<a href="https://www.atletikaolomouc.cz/wp-content/uploads/2021/07/Podmínky-vstupu-na-stadion.docx"> KE STAŽENÍ ZDE</a></span><a href="https://www.atletikaolomouc.cz/wp-content/uploads/2021/07/Podmínky-vstupu-na-stadion.docx">&nbsp;</a></strong></p>
<p style="text-align: justify;"><strong>Více informací <a href="https://www.vlada.cz/cz/epidemie-koronaviru/dulezite-informace/mimoradna-a-ochranna-opatreni-_-co-aktualne-plati-180234/" target="_blank" rel="noopener">na webu Vlády</a></strong></p>

<p>ČESTNÉ PROHLÁŠENÍ KE STAŽENÍ ZDE PODMÍNKY VSTUPU NA STADION: Všichni účastníci (závodníci, trenéři, doprovod, pořadatelé a diváci) budou povinni při vstupu na stadion předložit &#8222;Čestné prohlášení COVID&#8220; o splnění podmínek pro účast na hromadné sportovní akci dle platných nařízení Vlády &hellip; <a href="https://old.atletikaolomouc.cz/?page_id=31078">Continue reading <span class="meta-nav">&rarr;</span></a></p>
