{"id":514,"date":"2011-07-22T11:24:59","date_gmt":"2011-07-22T09:24:59","guid":{"rendered":"http:\/\/www.atletikaolomouc.cz\/?page_id=514"},"modified":"2011-12-20T10:58:26","modified_gmt":"2011-12-20T09:58:26","slug":"zavody","status":"publish","type":"page","link":"https:\/\/old.atletikaolomouc.cz\/?page_id=514","title":{"rendered":"Z\u00e1vody 2011"},"content":{"rendered":"<table>\n<tbody>\n<tr>\n<td style=\"text-align: left;\"><strong>\u010dervenec<br \/><\/strong><\/td>\n<td><\/td>\n<td><\/td>\n<td><\/td>\n<\/tr>\n<tr>\n<td style=\"text-align: right;\">02.-03.07.<strong><br \/><\/strong><\/td>\n<td>Brno<\/td>\n<td><strong>Mistrovstv\u00ed \u010cR mu\u017e\u016f a \u017een na dr\u00e1ze<\/strong><\/td>\n<td><a href=\"http:\/\/online.atletika.cz\/vysledky.aspx?idk=13157\" target=\"_blank\">v\u00fdsledky<\/a><\/td>\n<\/tr>\n<tr>\n<td style=\"text-align: right;\">06.-10.07.<\/td>\n<td>Lille<\/td>\n<td><strong>Mistrovstv\u00ed sv\u011bta do 17 let<\/strong><\/td>\n<td><a href=\"http:\/\/www.iaaf.org\/wyc11\/results\/eventCode=4528\/bydiscipline\/index.html\" target=\"_blank\">v\u00fdsledky<\/a><\/td>\n<\/tr>\n<tr>\n<td style=\"text-align: right;\">14.-17.07.<\/td>\n<td>Ostrava<\/td>\n<td><strong>Mistrovstv\u00ed Evropy do 22 let<\/strong><\/td>\n<td><a href=\"http:\/\/www.sportresult.com\/sports\/la\/ajax\/eaa2.asp?module=timetable_event&amp;event_id=10011500000001&amp;lang=en\" target=\"_blank\">v\u00fdsledky<\/a><\/td>\n<\/tr>\n<tr>\n<td style=\"text-align: right;\">21.-24.07.<\/td>\n<td>Tallinn<\/td>\n<td><strong>Mistrovstv\u00ed Evropy junior\u016f<\/strong><\/td>\n<td><a href=\"http:\/\/www.sportresult.com\/sports\/la\/ajax\/eaa2.asp?module=timetable_event&amp;event_id=10011600000001&amp;lang=en\" target=\"_blank\">v\u00fdsledky<\/a><\/td>\n<\/tr>\n<tr>\n<td><\/td>\n<td><\/td>\n<td><\/td>\n<td><\/td>\n<\/tr>\n<tr>\n<td style=\"text-align: left;\"><strong>srpen<\/strong><\/td>\n<td><\/td>\n<td><\/td>\n<td><\/td>\n<\/tr>\n<tr>\n<td style=\"text-align: right;\">06.08.<\/td>\n<td>Olomouc<\/td>\n<td><a title=\"Hodinovka v ch\u016fzi na dr\u00e1ze\" href=\"http:\/\/www.atletikaolomouc.cz\/?p=758\">Hodinovka v ch\u016fzi<\/a><\/td>\n<td><\/td>\n<\/tr>\n<tr>\n<td style=\"text-align: right;\">17.08.<\/td>\n<td>Olomouc<\/td>\n<td><a title=\"KP dorostu, junior\u016f a dosp\u011bl\u00fdch na dr\u00e1ze\" href=\"http:\/\/www.atletikaolomouc.cz\/?p=767\">Krajsk\u00fd p\u0159ebor jednotlivc\u016f<\/a><\/td>\n<td><a href=\"http:\/\/online.atletika.cz\/vysledky.aspx?idk=14201\" target=\"_blank\">v\u00fdsledky<\/a><\/td>\n<\/tr>\n<tr>\n<td style=\"text-align: right;\">19.-21.08.<\/td>\n<td>Olomouc<\/td>\n<td><a href=\"http:\/\/czechopen.atletikaolomouc.cz\" target=\"_blank\">CZECH OPEN t\u011blesn\u011b posti\u017een\u00fdch sportovc\u016f<\/a><\/td>\n<td><a href=\"http:\/\/czechopen.atletikaolomouc.cz\/downloads\/complet_results_czechopen_2011.pdf\" target=\"_blank\">v\u00fdsledky<\/a><\/td>\n<\/tr>\n<tr>\n<td style=\"text-align: right;\">24.08.<\/td>\n<td>Olomouc<\/td>\n<td><a title=\"Atletick\u00e1 st\u0159eda 2011\" href=\"http:\/\/www.atletikaolomouc.cz\/?p=771\">Atletick\u00e1 st\u0159eda 2011<\/a><\/td>\n<td><a href=\"http:\/\/online.atletika.cz\/vysledky.aspx?idk=14325\" target=\"_blank\">v\u00fdsledky<\/a><\/td>\n<\/tr>\n<tr>\n<td style=\"text-align: right;\">27.08.<\/td>\n<td>Hodon\u00edn<\/td>\n<td><a href=\"http:\/\/www.atletika.cz\/default.aspx?article=13516\" target=\"_blank\">4. kolo I. ligy mu\u017e\u016f a \u017een<\/a><\/td>\n<td><a href=\"http:\/\/online.atletika.cz\/vysledky.aspx?idk=14306\" target=\"_blank\">v\u00fdsledky<\/a><\/td>\n<\/tr>\n<tr>\n<td>27.08.-04.09.<\/td>\n<td>Daegu<\/td>\n<td><strong><a href=\"http:\/\/www.daegu2011.org\/do\/front\/main\/en\" target=\"_blank\">MISTROVSTV\u00cd SV\u011aTA<\/a><\/strong><\/td>\n<td style=\"text-align: center;\"><a href=\"http:\/\/daegu2011.iaaf.org\/ResultsByDate.aspx\" target=\"_blank\">v\u00fdsledky<\/a><\/td>\n<\/tr>\n<tr>\n<td style=\"text-align: right;\">28.08.<\/td>\n<td>Olomouc<\/td>\n<td><span style=\"color: #0000ff;\"><a title=\"4. kolo II. ligy mu\u017e\u016f a \u017een\" href=\"http:\/\/www.atletikaolomouc.cz\/?p=774\">4. kolo II. ligy mu\u017e\u016f a \u017een sk. D1<\/a><\/span><\/td>\n<td><a href=\"http:\/\/online.atletika.cz\/vysledky.aspx?idk=14278\" target=\"_blank\">v\u00fdsledky<\/a><\/td>\n<\/tr>\n<tr>\n<td><\/td>\n<td><\/td>\n<td><\/td>\n<td><\/td>\n<\/tr>\n<tr>\n<td style=\"text-align: left;\"><strong>z\u00e1\u0159\u00ed<\/strong><\/td>\n<td><\/td>\n<td><span style=\"color: #0000ff;\"><strong><a href=\"http:\/\/www.daegu2011.org\/do\/front\/main\/en\" target=\"_blank\"><br \/><\/a><\/strong><\/span><\/td>\n<td><\/td>\n<\/tr>\n<tr>\n<td style=\"text-align: right;\">03.-04.09.<\/td>\n<td>Nov\u00e9 M\u011bsto\/Met.<\/td>\n<td><strong><a href=\"http:\/\/www.atletika.cz\/default.aspx?article=13475\" target=\"_blank\">Mistrovstv\u00ed \u010cR \u017e\u00e1k\u016f a \u017e\u00e1ky\u0148<\/a><\/strong><\/td>\n<td><a href=\"http:\/\/online.atletika.cz\/vysledky.aspx?idk=13328\" target=\"_blank\">v\u00fdsledky<\/a><\/td>\n<\/tr>\n<tr>\n<td style=\"text-align: right;\">04.09.<\/td>\n<td>Olomouc<\/td>\n<td><a title=\"M\u010cR veter\u00e1n\u016f ve vrha\u010dsk\u00e9m p\u011btiboji\" href=\"http:\/\/www.atletikaolomouc.cz\/?p=1083\">Mistrovstv\u00ed \u010cR veter\u00e1n\u016f ve vrha\u010dsk\u00e9m p\u011btiboji<\/a><\/td>\n<td><a href=\"http:\/\/www.atletikaolomouc.cz\/wp-content\/uploads\/2011\/07\/09_04_2011.xls\" target=\"_blank\">v\u00fdsledky<\/a><\/td>\n<\/tr>\n<tr>\n<td style=\"text-align: right;\">09.-10.09.<\/td>\n<td>Olomouc<\/td>\n<td><a title=\"KRAJSK\u00dd P\u0158EBOR VE V\u00cdCEBOJ\u00cdCH\" href=\"http:\/\/www.atletikaolomouc.cz\/?p=777\">Krajsk\u00fd p\u0159ebor ve v\u00edceboj\u00edch<\/a><\/td>\n<td><a href=\"http:\/\/online.atletika.cz\/vysledky.aspx?idk=14376\" target=\"_blank\">v\u00fdsledky<\/a><\/td>\n<\/tr>\n<tr>\n<td style=\"text-align: right;\">10.-11.09.<\/td>\n<td>P\u00edsek<\/td>\n<td><strong><a href=\"http:\/\/www.atletika.cz\/default.aspx?article=13476\" target=\"_blank\">Mistrovstv\u00ed \u010cR mu\u017e\u016f a \u017een do 22 let<\/a><\/strong><\/td>\n<td><a href=\"http:\/\/online.atletika.cz\/vysledky.aspx?idk=13330\" target=\"_blank\">v\u00fdsledky<\/a><\/td>\n<\/tr>\n<tr>\n<td style=\"text-align: right;\">13.-14.09.<\/td>\n<td>Brno<\/td>\n<td><a href=\"http:\/\/www.europeangames.cibasport.cz\/\" target=\"_blank\">European kids athletics games<\/a><\/td>\n<td><a href=\"http:\/\/europeangames.cibasport.cz\/aktuality\/w-european-games-eg\/eg-results\/results\" target=\"_blank\">v\u00fdsledky<\/a><\/td>\n<\/tr>\n<tr>\n<td style=\"text-align: right;\">13.09.<\/td>\n<td>Olomouc<\/td>\n<td><a title=\"VI. ro\u010dn\u00edk Han\u00e1ck\u00e9 la\u0165ky\" href=\"http:\/\/www.atletikaolomouc.cz\/?p=1056\">VI. ro\u010dn\u00edk Han\u00e1ck\u00e9 la\u0165ky<\/a><\/td>\n<td><a href=\"http:\/\/online.atletika.cz\/vysledky.aspx?idk=14437\" target=\"_blank\">v\u00fdsledky<\/a><\/td>\n<\/tr>\n<tr>\n<td style=\"text-align: right;\">15.09.<\/td>\n<td>\u0160umperk<\/td>\n<td><a href=\"http:\/\/www.atletika.cz\/default.aspx?article=13590\" target=\"_blank\">3.kolo dru\u017estev st.\u017eactva + P\u0159ebor Ol. kraje st.\u017eactva<\/a><\/td>\n<td><a href=\"http:\/\/online.atletika.cz\/vysledky.aspx?idk=14353\" target=\"_blank\">v\u00fdsledky<\/a><\/td>\n<\/tr>\n<tr>\n<td style=\"text-align: right;\">17.09.<\/td>\n<td>T\u0159eb\u00ed\u010d<\/td>\n<td><a href=\"http:\/\/www.atletika.cz\/default.aspx?article=13609\" target=\"_blank\">Prol\u00ednac\u00ed sout\u011b\u017e o \u00fa\u010dast v extralize mu\u017e\u016f a \u017een<\/a><\/td>\n<td><a href=\"http:\/\/online.atletika.cz\/vysledky.aspx?idk=14311\" target=\"_blank\">v\u00fdsledky<\/a><\/td>\n<\/tr>\n<tr>\n<td style=\"text-align: right;\">17.09.<\/td>\n<td>Uhersk\u00e9 Hradi\u0161t\u011b<\/td>\n<td><a href=\"http:\/\/www.atletika.cz\/default.aspx?article=13601\" target=\"_blank\">Prol\u00ednac\u00ed sout\u011b\u017e o \u00fa\u010dast v I.lize mu\u017e\u016f a \u017een<\/a><\/td>\n<td><a href=\"http:\/\/online.atletika.cz\/vysledky.aspx?idk=14362\" target=\"_blank\">v\u00fdsledky<\/a><\/td>\n<\/tr>\n<tr>\n<td style=\"text-align: right;\">18.09.<\/td>\n<td>Hranice<\/td>\n<td><a href=\"http:\/\/www.atletika.cz\/default.aspx?article=13547\" target=\"_blank\">Mistrovstv\u00ed Moravy a Slezska mlad\u0161\u00edho \u017eactva<\/a><\/td>\n<td><a href=\"http:\/\/online.atletika.cz\/kalendar.aspx?dt=2011-09-18\" target=\"_blank\">v\u00fdsledky<\/a><\/td>\n<\/tr>\n<tr>\n<td style=\"text-align: right;\">19.09.<\/td>\n<td>Olomouc<\/td>\n<td><a title=\"Atletick\u00fd \u010dty\u0159boj z\u00e1kladn\u00edch \u0161kol\" href=\"http:\/\/www.atletikaolomouc.cz\/?p=1353\">Atletick\u00fd \u010dty\u0159boj mlad\u0161\u00edho a star\u0161\u00edho \u017eactva<\/a><\/td>\n<td><a title=\"Atletick\u00fd \u010dty\u0159boj z\u00e1kladn\u00edch \u0161kol\" href=\"http:\/\/www.atletikaolomouc.cz\/?p=1353\">v\u00fdsledky<\/a><\/td>\n<\/tr>\n<tr>\n<td style=\"text-align: right;\">20.09.<\/td>\n<td>Prost\u011bjov<\/td>\n<td><a href=\"http:\/\/www.atletika.cz\/default.aspx?article=13687\" target=\"_blank\">3.kolo dru\u017estev ml.\u017eactva + P\u0159ebor Ol. kraje ml.\u017eactva<\/a><\/td>\n<td><a href=\"http:\/\/online.atletika.cz\/vysledky.aspx?idk=14422\" target=\"_blank\">v\u00fdsledky<\/a><\/td>\n<\/tr>\n<tr>\n<td style=\"text-align: right;\">21.09.<\/td>\n<td>Olomouc<\/td>\n<td><a title=\"CORNY st\u0159edo\u0161kolsk\u00fd poh\u00e1r \u2013 okresn\u00ed kolo\" href=\"http:\/\/www.atletikaolomouc.cz\/?p=1355\">CORNY st\u0159edo\u0161kolsk\u00fd poh\u00e1r &#8211; okresn\u00ed kolo<\/a><\/td>\n<td><\/td>\n<\/tr>\n<tr>\n<td style=\"text-align: right;\">23.09.<\/td>\n<td>Olomouc<\/td>\n<td><a title=\"Odd\u00edlov\u00fd p\u0159ebor mlad\u0161\u00edho \u017eactva v p\u011btiboji\" href=\"http:\/\/www.atletikaolomouc.cz\/?p=1295\">Odd\u00edlov\u00fd p\u0159ebor mlad\u0161\u00edho \u017eactva v p\u011btiboji<\/a><\/td>\n<td><a href=\"http:\/\/online.atletika.cz\/vysledky.aspx?idk=14394\" target=\"_blank\">v\u00fdsledky<\/a><\/td>\n<\/tr>\n<tr>\n<td style=\"text-align: right;\">24.09.<\/td>\n<td>Opava<\/td>\n<td><a href=\"http:\/\/www.atletika.cz\/download.aspx?id_file=26931\" target=\"_blank\">3.kolo dru\u017estev dorostu a junior\u016f = SF \u010cR<\/a><\/td>\n<td><a href=\"http:\/\/online.atletika.cz\/vysledky.aspx?idk=14401\" target=\"_blank\">v\u00fdsledky<\/a><\/td>\n<\/tr>\n<tr>\n<td style=\"text-align: right;\">25.09.<\/td>\n<td>Prost\u011bjov<\/td>\n<td><a href=\"http:\/\/www.atletika.cz\/default.aspx?article=13626\" target=\"_blank\">Velk\u00e1 cena Prost\u011bjova<\/a><\/td>\n<td><a href=\"http:\/\/online.atletika.cz\/vysledky.aspx?idk=14370\" target=\"_blank\">v\u00fdsledky<\/a><\/td>\n<\/tr>\n<tr>\n<td style=\"text-align: right;\">25.09.<\/td>\n<td>\u0160umperk<\/td>\n<td><a href=\"http:\/\/www.atletika.cz\/default.aspx?article=13592\" target=\"_blank\">Mistrovstv\u00ed Moravy a Slezska dru\u017estev star\u0161\u00edho \u017eactva<\/a><\/td>\n<td><a href=\"http:\/\/online.atletika.cz\/vysledky.aspx?idk=14316\" target=\"_blank\">v\u00fdsledky<\/a><\/td>\n<\/tr>\n<tr>\n<td style=\"text-align: right;\">27.09.<\/td>\n<td>Olomouc<\/td>\n<td>CORNY st\u0159edo\u0161kolsk\u00fd poh\u00e1r &#8211; krajsk\u00e9 fin\u00e1le<\/td>\n<td><\/td>\n<\/tr>\n<tr>\n<td style=\"text-align: right;\"><\/td>\n<td><\/td>\n<td><\/td>\n<td><\/td>\n<\/tr>\n<tr>\n<td style=\"text-align: left;\"><strong>\u0159\u00edjen<\/strong><\/td>\n<td><\/td>\n<td><\/td>\n<td><\/td>\n<\/tr>\n<tr>\n<td style=\"text-align: right;\">01.10.<\/td>\n<td>Nitra<\/td>\n<td><a href=\"http:\/\/www.atletika.cz\/default.aspx?article=13624\" target=\"_blank\">MU CZE-CRO-HUN-SLO-SVK \u017e\u00e1k\u016f a \u017e\u00e1ky\u0148<\/a><\/td>\n<td><a href=\"http:\/\/www.atletikasvk.sk\/Podklady\/Preteky\/2011\/Vysledky\/1001_NR.pdf\" target=\"_blank\">v\u00fdsledky<\/a><\/td>\n<\/tr>\n<tr>\n<td style=\"text-align: right;\">01.10.<\/td>\n<td>Praha<\/td>\n<td><strong><a href=\"http:\/\/www.atletika.cz\/default.aspx?article=13631\" target=\"_blank\">Mistrovstv\u00ed \u010cR dru\u017estev dorostenc\u016f a dorostenek<\/a><\/strong><\/td>\n<td><a href=\"http:\/\/online.atletika.cz\/vysledky.aspx?idk=14319\" target=\"_blank\">v\u00fdsledky<\/a><\/td>\n<\/tr>\n<tr>\n<td style=\"text-align: right;\">01.10.<\/td>\n<td>Ostrava<\/td>\n<td><strong><a href=\"http:\/\/www.atletika.cz\/default.aspx?article=13630\" target=\"_blank\">Mistrovstv\u00ed \u010cR dru\u017estev junior\u016f a juniorek<\/a><\/strong><\/td>\n<td><a href=\"http:\/\/online.atletika.cz\/vysledky.aspx?idk=14318\" target=\"_blank\">v\u00fdsledky<\/a><\/td>\n<\/tr>\n<tr>\n<td style=\"text-align: right;\">02.10.<\/td>\n<td>Uhersk\u00e9 Hradi\u0161t\u011b<\/td>\n<td><a href=\"http:\/\/www.atletika.cz\/default.aspx?article=13701\" target=\"_blank\">Mistrovstv\u00ed Moravy a Slezska dru\u017estev mlad\u0161\u00edho \u017eactva<\/a><\/td>\n<td><a href=\"http:\/\/online.atletika.cz\/vysledky.aspx?idk=14448\" target=\"_blank\">v\u00fdsledky<\/a><\/td>\n<\/tr>\n<tr>\n<td style=\"text-align: right;\">05.10.<\/td>\n<td>P\u0159erov<\/td>\n<td><a href=\"http:\/\/www.atletika.cz\/default.aspx?article=13694\" target=\"_blank\">P\u0159ebor Ol. kraje ve v\u00edceboj\u00edch ml.\u017eactva a p\u0159\u00edpravek<\/a><\/td>\n<td><a href=\"http:\/\/online.atletika.cz\/vysledky.aspx?idk=14419\" target=\"_blank\">v\u00fdsledky<\/a><\/td>\n<\/tr>\n<tr>\n<td style=\"text-align: right;\">08.10.<\/td>\n<td>Star\u00e1 Boleslav<\/td>\n<td><strong><a href=\"http:\/\/www.atletika.cz\/default.aspx?article=13632\" target=\"_blank\">Mistrovstv\u00ed \u010cR dru\u017estev star\u0161\u00edho \u017eactva<\/a><\/strong><\/td>\n<td><a href=\"http:\/\/online.atletika.cz\/vysledky.aspx?idk=14317\" target=\"_blank\">v\u00fdsledky<\/a><\/td>\n<\/tr>\n<tr>\n<td style=\"text-align: right;\">15.10.<\/td>\n<td>Olomouc<\/td>\n<td><a title=\"XXIII. ro\u010dn\u00edk \u201eB\u011bhu kolem Moravy\u201c\" href=\"http:\/\/www.atletikaolomouc.cz\/?p=1066\">XXIII. ro\u010dn\u00edk &#8222;B\u011bhu kolem Moravy&#8220;<\/a><strong><br \/><\/strong><\/td>\n<td><a href=\"http:\/\/www.atletikaolomouc.cz\/wp-content\/uploads\/2011\/07\/10_15_2011_beh_kolem_moravy.pdf\" target=\"_blank\">v\u00fdsledky<\/a><\/td>\n<\/tr>\n<tr>\n<td style=\"text-align: right;\">15.10.<\/td>\n<td>Olomouc<\/td>\n<td><a title=\"28. ro\u010dn\u00edk KLASICK\u00c9HO P\u011aTIBOJE\" href=\"http:\/\/www.atletikaolomouc.cz\/?p=1485\">28. ro\u010dn\u00edk &#8222;Klasick\u00e9ho p\u011btiboje&#8220;<\/a><\/td>\n<td><a href=\"http:\/\/online.atletika.cz\/vysledky.aspx?idk=14610\" target=\"_blank\">v\u00fdsledky<\/a><\/td>\n<\/tr>\n<tr>\n<td style=\"text-align: right;\">24.10.<\/td>\n<td>Olomouc<\/td>\n<td><a title=\"ZAMYK\u00c1N\u00cd STADIONU 24.10.2011\" href=\"http:\/\/www.atletikaolomouc.cz\/?p=1536\">Zamyk\u00e1n\u00ed stadionu &#8211; p\u0159\u00edpravky<\/a><\/td>\n<td><a href=\"http:\/\/www.atletikaolomouc.cz\/wp-content\/uploads\/2011\/07\/Zamyk\u00e1n\u00ed-stadionu-2011-complet.pdf\" target=\"_blank\">v\u00fdsledky<\/a><\/td>\n<\/tr>\n<tr>\n<td><\/td>\n<td><\/td>\n<td><\/td>\n<td><\/td>\n<\/tr>\n<tr>\n<td><strong>listopad<\/strong><\/td>\n<td><\/td>\n<td><\/td>\n<td><\/td>\n<\/tr>\n<tr>\n<td style=\"text-align: right;\">25.-26.11.<\/td>\n<td>Krnov<\/td>\n<td><a title=\"Krnovsk\u00fd halov\u00fd trojboj 2011\" href=\"http:\/\/www.atletikaolomouc.cz\/?p=1701\">V\u00e1no\u010dn\u00ed la\u0165ka &#8211; Krnovsk\u00fd trojboj<\/a><\/td>\n<td><a title=\"V\u00fdsledky Krnovsk\u00fd trojboj 25.-26.11.2011\" href=\"http:\/\/www.atletikaolomouc.cz\/?p=1689\">v\u00fdsledky<\/a><\/td>\n<\/tr>\n<tr>\n<td style=\"text-align: right;\"><\/td>\n<td><\/td>\n<td><\/td>\n<td><\/td>\n<\/tr>\n<tr>\n<td style=\"text-align: left;\"><strong>prosinec<\/strong><\/td>\n<td><\/td>\n<td><\/td>\n<td><\/td>\n<\/tr>\n<tr>\n<td style=\"text-align: right;\">02.12.<\/td>\n<td>T\u0159inec<\/td>\n<td>V\u00e1no\u010dn\u00ed la\u0165ka<\/td>\n<td><a href=\"http:\/\/www.atletikaolomouc.cz\/wp-content\/uploads\/2011\/07\/Vanocni-latka-T\u0159inec-2.12.-2011.pdf\" target=\"_blank\"> v\u00fdsledky<\/a><\/td>\n<\/tr>\n<tr>\n<td style=\"text-align: right;\">03.12.<\/td>\n<td>Olomouc<\/td>\n<td><a title=\"Mikul\u00e1\u0161sk\u00fd b\u011bh\" href=\"http:\/\/www.atletikaolomouc.cz\/?p=1649\">Mikul\u00e1\u0161sk\u00fd b\u011bh<\/a><\/td>\n<td><a href=\"http:\/\/www.atletikaolomouc.cz\/wp-content\/uploads\/2011\/07\/mikul.pdf\" target=\"_blank\">v\u00fdsledky<\/a><\/td>\n<\/tr>\n<tr>\n<td style=\"text-align: right;\">03.12.<\/td>\n<td>Olomouc<\/td>\n<td><a title=\"Halov\u00e9 z\u00e1vody ve vrhu koul\u00ed\" href=\"http:\/\/www.atletikaolomouc.cz\/?p=1680\">1. v\u00e1no\u010dn\u00ed halov\u00fd z\u00e1vod ve vrhu koul\u00ed<\/a><\/td>\n<td><a href=\"http:\/\/online.atletika.cz\/vysledky.aspx?idk=14707\" target=\"_blank\">v\u00fdsledky<\/a><\/td>\n<\/tr>\n<tr>\n<td style=\"text-align: right;\">09.12.<\/td>\n<td>Olomouc<\/td>\n<td><a title=\"10. ro\u010dn\u00edk P\u0159\u00e1telsk\u00e9ho utk\u00e1n\u00ed \u017eactva\" href=\"http:\/\/www.atletikaolomouc.cz\/?p=1660\">10. ro\u010dn\u00edk P\u0159\u00e1telsk\u00e9ho utk\u00e1n\u00ed \u017eactva<\/a><\/td>\n<td><a href=\"http:\/\/online.atletika.cz\/vysledky.aspx?idk=14696\" target=\"_blank\">v\u00fdsledky<\/a><\/td>\n<\/tr>\n<tr>\n<td style=\"text-align: right;\">17.12.<\/td>\n<td>Olomouc<\/td>\n<td><a title=\"2. halov\u00e9 z\u00e1vody ve vrhu koul\u00ed\" href=\"http:\/\/www.atletikaolomouc.cz\/?p=1755\">2. v\u00e1no\u010dn\u00ed halov\u00fd z\u00e1vod ve vrhu koul\u00ed<\/a><\/td>\n<td><a href=\"http:\/\/online.atletika.cz\/vysledky.aspx?idk=14896\" target=\"_blank\">v\u00fdsledky<\/a><\/td>\n<\/tr>\n<tr>\n<td style=\"text-align: right;\"><\/td>\n<td><\/td>\n<td><\/td>\n<td><\/td>\n<\/tr>\n<\/tbody>\n<\/table>\n","protected":false},"excerpt":{"rendered":"<p>\u010dervenec 02.-03.07. Brno Mistrovstv\u00ed \u010cR mu\u017e\u016f a \u017een na dr\u00e1ze v\u00fdsledky 06.-10.07. Lille Mistrovstv\u00ed sv\u011bta do 17 let v\u00fdsledky 14.-17.07. Ostrava Mistrovstv\u00ed Evropy do 22 let v\u00fdsledky 21.-24.07. Tallinn Mistrovstv\u00ed Evropy junior\u016f v\u00fdsledky srpen 06.08. Olomouc Hodinovka v ch\u016fzi 17.08. &hellip; <a href=\"https:\/\/old.atletikaolomouc.cz\/?page_id=514\">Continue reading <span class=\"meta-nav\">&rarr;<\/span><\/a><\/p>\n","protected":false},"author":1,"featured_media":0,"parent":0,"menu_order":0,"comment_status":"closed","ping_status":"closed","template":"","meta":{"ngg_post_thumbnail":0},"_links":{"self":[{"href":"https:\/\/old.atletikaolomouc.cz\/index.php?rest_route=\/wp\/v2\/pages\/514"}],"collection":[{"href":"https:\/\/old.atletikaolomouc.cz\/index.php?rest_route=\/wp\/v2\/pages"}],"about":[{"href":"https:\/\/old.atletikaolomouc.cz\/index.php?rest_route=\/wp\/v2\/types\/page"}],"author":[{"embeddable":true,"href":"https:\/\/old.atletikaolomouc.cz\/index.php?rest_route=\/wp\/v2\/users\/1"}],"replies":[{"embeddable":true,"href":"https:\/\/old.atletikaolomouc.cz\/index.php?rest_route=%2Fwp%2Fv2%2Fcomments&post=514"}],"version-history":[{"count":99,"href":"https:\/\/old.atletikaolomouc.cz\/index.php?rest_route=\/wp\/v2\/pages\/514\/revisions"}],"predecessor-version":[{"id":1764,"href":"https:\/\/old.atletikaolomouc.cz\/index.php?rest_route=\/wp\/v2\/pages\/514\/revisions\/1764"}],"wp:attachment":[{"href":"https:\/\/old.atletikaolomouc.cz\/index.php?rest_route=%2Fwp%2Fv2%2Fmedia&parent=514"}],"curies":[{"name":"wp","href":"https:\/\/api.w.org\/{rel}","templated":true}]}}