{"id":5564,"date":"2015-02-24T10:11:24","date_gmt":"2015-02-24T09:11:24","guid":{"rendered":"http:\/\/www.atletikaolomouc.cz\/?page_id=5564"},"modified":"2022-03-15T10:18:44","modified_gmt":"2022-03-15T09:18:44","slug":"primestsky-tabor","status":"publish","type":"page","link":"https:\/\/old.atletikaolomouc.cz\/?page_id=5564","title":{"rendered":"P\u0159\u00edm\u011bstsk\u00e9 t\u00e1bory 2022"},"content":{"rendered":"<p><strong>Letn\u00ed d\u011btsk\u00e9 p\u0159\u00edm\u011bstsk\u00e9 soust\u0159ed\u011bn\u00ed<\/strong> prob\u011bhne na na\u0161em atletick\u00e9m stadionu ve dvou term\u00ednech, a to<br \/>\n<strong>11.&nbsp;&#8211;&nbsp;15.&nbsp;7. 2022 a 18. &#8211; 22. 7. 2022.<\/strong>&nbsp;Po\u010det \u00fa\u010dastn\u00edk\u016f je u obou term\u00edn\u016f z kapacitn\u00edch d\u016fvod\u016f omezen na 30&nbsp;d\u011bt\u00ed.&nbsp;<!--more--><\/p>\n<p><strong>Term\u00edny: (pond\u011bl\u00ed-p\u00e1tek)<\/strong><br \/>\n11. &#8211; 15. 7. 2022<br \/>\n18. &#8211; 22. 7. 2022<\/p>\n<p><strong>M\u00edsto:<\/strong><br \/>\nAtletick\u00fd stadion Olomouc, t\u0159\u00edda 17. listopadu 3<\/p>\n<p><span style=\"font-size: 14pt;\"><strong>P\u0159ihl\u00e1\u0161ky:<\/strong><\/span><br \/>\n<span style=\"font-size: 18.6667px;\">KAPACITA ZAPLN\u011aNA! V p\u0159\u00edpad\u011b z\u00e1jmu o m\u00edsto n\u00e1hradn\u00edka napi\u0161te na email pripravky@atletikaolomouc.cz<\/span><\/p>\n<p><strong>Cena:<\/strong><br \/>\n\u010clenov\u00e9 klubu &#8211; 2090,- K\u010d<br \/>\nOstatn\u00ed &#8211; 2490,-<br \/>\n<strong>P\u0159\u00edkazy k \u00fahrad\u011b budou \u010dlen\u016fm vygenerov\u00e1ny v \u010dlensk\u00e9 sekci EOS a ostatn\u00edm budou zasl\u00e1ny emailem.<\/strong><\/p>\n<p><strong>Informace:<br \/>\n<\/strong>Sraz&nbsp;bude ka\u017ed\u00fd den&nbsp;<strong>nejpozd\u011bji v 7:50<\/strong>&nbsp;na stadionu a konec programu bude v 16:00.<\/p>\n<p><strong>N\u00e1pl\u0148:<\/strong><br \/>\nPro d\u011bti bude p\u0159ipraveno&nbsp;pozn\u00e1v\u00e1n\u00ed atletick\u00fdch discipl\u00edn, t\u00fdmov\u00e9 hry, celodenn\u00ed v\u00fdlet&nbsp;a dal\u0161\u00ed.&nbsp;<\/p>\n<p>Pro bli\u017e\u0161\u00ed informace &#8211; hlavn\u00ed vedouc\u00ed Tom\u00e1\u0161 Do\u010dkal &#8211; tel: 725 752 767, email:&nbsp;<a href=\"mailto:pripravky@atletikaolomouc.cz\">pripravky@atletikaolomouc.cz<\/a><\/p>\n<p><strong>Pro d\u011bti:<\/strong><br \/>\n6 \u2013 12 let (ro\u010d. narozen\u00ed 2016 &#8211; 2010)<\/p>\n<p><strong>Stravov\u00e1n\u00ed:<\/strong><br \/>\n3x denn\u011b + pitn\u00fd re\u017eim (sva\u010dina &#8211; ob\u011bd &#8211; sva\u010dina)<\/p>\n<p><a href=\"https:\/\/www.atletikaolomouc.cz\/?p=17933\" target=\"_blank\" rel=\"noopener\">P\u0159\u00edm\u011bstsk\u00fd t\u00e1bor 2020 &#8211; foto<\/a><\/p>\n","protected":false},"excerpt":{"rendered":"<p>Letn\u00ed d\u011btsk\u00e9 p\u0159\u00edm\u011bstsk\u00e9 soust\u0159ed\u011bn\u00ed prob\u011bhne na na\u0161em atletick\u00e9m stadionu ve dvou term\u00ednech, a to 11.&nbsp;&#8211;&nbsp;15.&nbsp;7. 2022 a 18. &#8211; 22. 7. 2022.&nbsp;Po\u010det \u00fa\u010dastn\u00edk\u016f je u obou term\u00edn\u016f z kapacitn\u00edch d\u016fvod\u016f omezen na 30&nbsp;d\u011bt\u00ed.&nbsp;<\/p>\n","protected":false},"author":4,"featured_media":32990,"parent":0,"menu_order":0,"comment_status":"closed","ping_status":"closed","template":"","meta":{"ngg_post_thumbnail":0},"_links":{"self":[{"href":"https:\/\/old.atletikaolomouc.cz\/index.php?rest_route=\/wp\/v2\/pages\/5564"}],"collection":[{"href":"https:\/\/old.atletikaolomouc.cz\/index.php?rest_route=\/wp\/v2\/pages"}],"about":[{"href":"https:\/\/old.atletikaolomouc.cz\/index.php?rest_route=\/wp\/v2\/types\/page"}],"author":[{"embeddable":true,"href":"https:\/\/old.atletikaolomouc.cz\/index.php?rest_route=\/wp\/v2\/users\/4"}],"replies":[{"embeddable":true,"href":"https:\/\/old.atletikaolomouc.cz\/index.php?rest_route=%2Fwp%2Fv2%2Fcomments&post=5564"}],"version-history":[{"count":76,"href":"https:\/\/old.atletikaolomouc.cz\/index.php?rest_route=\/wp\/v2\/pages\/5564\/revisions"}],"predecessor-version":[{"id":20711,"href":"https:\/\/old.atletikaolomouc.cz\/index.php?rest_route=\/wp\/v2\/pages\/5564\/revisions\/20711"}],"wp:featuredmedia":[{"embeddable":true,"href":"https:\/\/old.atletikaolomouc.cz\/index.php?rest_route=\/wp\/v2\/media\/32990"}],"wp:attachment":[{"href":"https:\/\/old.atletikaolomouc.cz\/index.php?rest_route=%2Fwp%2Fv2%2Fmedia&parent=5564"}],"curies":[{"name":"wp","href":"https:\/\/api.w.org\/{rel}","templated":true}]}}

Příměstské tábory 2022

<p><strong>Letní dětské příměstské soustředění</strong> proběhne na našem atletickém stadionu ve dvou termínech, a to<br />
<strong>11.&nbsp;&#8211;&nbsp;15.&nbsp;7. 2022 a 18. &#8211; 22. 7. 2022.</strong>&nbsp;Počet účastníků je u obou termínů z kapacitních důvodů omezen na 30&nbsp;dětí.&nbsp;<!--more--></p>
<p><strong>Termíny: (pondělí-pátek)</strong><br />
11. &#8211; 15. 7. 2022<br />
18. &#8211; 22. 7. 2022</p>
<p><strong>Místo:</strong><br />
Atletický stadion Olomouc, třída 17. listopadu 3</p>
<p><span style="font-size: 14pt;"><strong>Přihlášky:</strong></span><br />
<span style="font-size: 18.6667px;">KAPACITA ZAPLNĚNA! V případě zájmu o místo náhradníka napište na email pripravky@atletikaolomouc.cz</span></p>
<p><strong>Cena:</strong><br />
Členové klubu &#8211; 2090,- Kč<br />
Ostatní &#8211; 2490,-<br />
<strong>Příkazy k úhradě budou členům vygenerovány v členské sekci EOS a ostatním budou zaslány emailem.</strong></p>
<p><strong>Informace:<br />
</strong>Sraz&nbsp;bude každý den&nbsp;<strong>nejpozději v 7:50</strong>&nbsp;na stadionu a konec programu bude v 16:00.</p>
<p><strong>Náplň:</strong><br />
Pro děti bude připraveno&nbsp;poznávání atletických disciplín, týmové hry, celodenní výlet&nbsp;a další.&nbsp;</p>
<p>Pro bližší informace &#8211; hlavní vedoucí Tomáš Dočkal &#8211; tel: 725 752 767, email:&nbsp;<a href="mailto:pripravky@atletikaolomouc.cz">pripravky@atletikaolomouc.cz</a></p>
<p><strong>Pro děti:</strong><br />
6 – 12 let (roč. narození 2016 &#8211; 2010)</p>
<p><strong>Stravování:</strong><br />
3x denně + pitný režim (svačina &#8211; oběd &#8211; svačina)</p>
<p><a href="https://www.atletikaolomouc.cz/?p=17933" target="_blank" rel="noopener">Příměstský tábor 2020 &#8211; foto</a></p>

<p>Letní dětské příměstské soustředění proběhne na našem atletickém stadionu ve dvou termínech, a to 11.&nbsp;&#8211;&nbsp;15.&nbsp;7. 2022 a 18. &#8211; 22. 7. 2022.&nbsp;Počet účastníků je u obou termínů z kapacitních důvodů omezen na 30&nbsp;dětí.&nbsp;</p>
