{"id":7017,"date":"2016-02-24T14:51:48","date_gmt":"2016-02-24T13:51:48","guid":{"rendered":"http:\/\/www.atletikaolomouc.cz\/?page_id=7017"},"modified":"2016-12-01T12:57:33","modified_gmt":"2016-12-01T11:57:33","slug":"zavody","status":"publish","type":"page","link":"https:\/\/old.atletikaolomouc.cz\/?page_id=7017","title":{"rendered":"Z\u00e1vody 2016"},"content":{"rendered":"<table>\n<tbody>\n<tr>\n<td><strong>datum<\/strong><\/td>\n<td><strong>kde<\/strong><\/td>\n<td><strong>z\u00e1vod<\/strong><\/td>\n<td>\u00a0<\/td>\n<\/tr>\n<tr>\n<td>26.02.<\/td>\n<td>Olomouc<\/td>\n<td><a href=\"http:\/\/www.atletikaolomouc.cz\/?p=6767\">P\u0159ebor Olomouck\u00e9ho kraje a z\u00e1vod voz\u00ed\u010dk\u00e1\u0159\u016f (IPC)<\/a><\/td>\n<td>\u00a0<\/td>\n<\/tr>\n<tr>\n<td>14.-15.03.<\/td>\n<td>Dubai<\/td>\n<td><a href=\"http:\/\/team-thomas.org\/_erg16\/Sharjah\/?sub=uebersicht.php\">Sharjah 6th International Open Athletics Meeting<\/a><\/td>\n<td>\u00a0<a href=\"http:\/\/team-thomas.org\/_erg16\/Sharjah\/?sub=uebersicht.php&amp;justRL=1\">v\u00fdsledky<\/a><\/td>\n<\/tr>\n<tr>\n<td>15.-21.03.<\/td>\n<td>Dubai<\/td>\n<td><a href=\"http:\/\/www.paralympic.org\/athletics\/grand-prix-2016\/8th-fazaa-international-athletics-competition\">8th Fazaa International Athletics Competition<\/a><\/td>\n<td>\u00a0<a href=\"http:\/\/dcd.org.ae\/dcdnew\/event-view.php?id=25&amp;section=en#fazza\">v\u00fdsledky<\/a><\/td>\n<\/tr>\n<tr>\n<td>31.03.<\/td>\n<td>Olomouc<\/td>\n<td><a title=\"Jarn\u00ed z\u00e1vod (IPC)\" href=\"http:\/\/www.atletikaolomouc.cz\/?p=7133\">Jarn\u00ed z\u00e1vod (IPC)\u00a0<\/a><\/td>\n<td>\u00a0<a title=\"Jarn\u00ed z\u00e1vod IPC 31.3.2016\" href=\"http:\/\/www.atletikaolomouc.cz\/?p=7316\">v\u00fdsledky<\/a><\/td>\n<\/tr>\n<tr>\n<td>04.-08.05.<\/td>\n<td>Nymburk<\/td>\n<td>Soust\u0159ed\u011bn\u00ed nov\u00e1\u010dk\u016f\u00a0<\/td>\n<td>\u00a0<\/td>\n<\/tr>\n<tr>\n<td>08.05.<\/td>\n<td>Pardubice<\/td>\n<td><a href=\"http:\/\/www.hvezdatps.cz\/index.php\/akce\/141-esky-pohar-v-atletice-vozika-8510\">KB \u010cP &#8211; 1. kolo<\/a><\/td>\n<td>\u00a0<a title=\"KB \u010cP Pardubice 1. kolo\" href=\"http:\/\/skmoravia.cz\/atletika\/pohar\/cp16pa.htm\">v\u00fdsledky<\/a><\/td>\n<\/tr>\n<tr>\n<td>21.05.<\/td>\n<td>Olomouc<\/td>\n<td><a title=\"Propozice \u2013 2. kolo KB \u010cP voz\u00ed\u010dk\u00e1\u0159\u016f\" href=\"http:\/\/www.atletikaolomouc.cz\/?p=7517\">KB \u010cP &#8211; 2. kolo<\/a><\/td>\n<td>\u00a0<a title=\"KB \u010cP Olomouc 2. kolo\" href=\"http:\/\/skmoravia.cz\/atletika\/pohar\/cp16ol.htm\">v\u00fdsledky<\/a><\/td>\n<\/tr>\n<tr>\n<td>10.-16.06.<\/td>\n<td>It\u00e1lie<\/td>\n<td><a title=\"Z\u00e1vody 2016\" href=\"http:\/\/www.paralympic.org\/grosseto-2016\">ME Groseto<\/a><\/td>\n<td>\u00a0<a title=\"V\u00fdsledky - Grosseto\" href=\"https:\/\/www.paralympic.org\/grosseto-2016\/schedule-results\">v\u00fdsledky<\/a><\/td>\n<\/tr>\n<tr>\n<td>28.-29.06.<\/td>\n<td>Olomouc<\/td>\n<td><a href=\"http:\/\/czechopen.atletikaolomouc.cz\">Czechopen<\/a><\/td>\n<td>\u00a0<a title=\"Czech Open v\u00fdsledky\" href=\"http:\/\/www.atletikaolomouc.cz\/wp-content\/uploads\/2015\/08\/Czech-Opene-2016-results-all.pdf\">v\u00fdsledky<\/a><\/td>\n<\/tr>\n<tr>\n<td>29.06.-03.07.<\/td>\n<td>Praha<\/td>\n<td><a href=\"http:\/\/www.prague2016.com\/?adjp&amp;section=home&amp;menu=introduction&amp;module=text\">IWAS Juniors<\/a><\/td>\n<td><a title=\"v\u00fdsledky - IWAS\" href=\"https:\/\/drive.google.com\/file\/d\/0ByOxEWrobD2lX0hmSVJObVZNd1B1QkJVeG50OUZfWUJoajFN\/view\">\u00a0v\u00fdsledky<\/a><\/td>\n<\/tr>\n<tr>\n<td>02.07.<\/td>\n<td>Brno<\/td>\n<td><a title=\"Pozv\u00e1nka - Brno\" href=\"https:\/\/drive.google.com\/file\/d\/0B1uG42nYXV2teklNX3pjRnJzdUE\/view\">KB \u010cP &#8211; 3. kolo<\/a><\/td>\n<td>\u00a0<a title=\"v\u00fdsledky - Brno voz\u00ed\u010dk\u00e1\u0159i\" href=\"http:\/\/skmoravia.cz\/atletika\/pohar\/cp16bm.htm\">v\u00fdsledky<\/a><\/td>\n<\/tr>\n<tr>\n<td>31.07.<\/td>\n<td>NMNM<\/td>\n<td><a title=\"Propozice - NMNM - voz\u00ed\u010dk\u00e1\u0159i\" href=\"https:\/\/drive.google.com\/file\/d\/0B1uG42nYXV2tRU5XZkRfa2c4Nzg\/view\">KB \u010cP &#8211; 4. kolo<\/a><\/td>\n<td>\u00a0<a title=\"v\u00fdsledky NMNM - voz\u00ed\u010dk\u00e1\u0159i\" href=\"http:\/\/skmoravia.cz\/atletika\/pohar\/cp16nm.htm\">v\u00fdsledky<\/a><\/td>\n<\/tr>\n<tr>\n<td>21.08.<\/td>\n<td>Praha<\/td>\n<td><a title=\"Propozice Praha - voz\u00ed\u010dk\u00e1\u0159i\" href=\"https:\/\/drive.google.com\/file\/d\/0B1uG42nYXV2tY09sZXZUcXVVTTQ\/view\">KB \u010cP &#8211; 5. kolo<\/a><\/td>\n<td><a title=\"v\u00fdsledky Praha - voz\u00ed\u010dk\u00e1\u0159i\" href=\"http:\/\/skmoravia.cz\/atletika\/pohar\/cp16pr.htm\">\u00a0v\u00fdsledky<\/a><\/td>\n<\/tr>\n<tr>\n<td>07.-18.09.<\/td>\n<td>Braz\u00edlie<\/td>\n<td><a href=\"http:\/\/www.rio2016.com\/en\/paralympics\">Letn\u00ed paralympijsk\u00e9 hry &#8211; RIO<\/a><\/td>\n<td>\u00a0<\/td>\n<\/tr>\n<tr>\n<td>01.10.<\/td>\n<td>Olomouc<\/td>\n<td><a title=\"pozv\u00e1nka\" href=\"https:\/\/drive.google.com\/file\/d\/0B1uG42nYXV2tUENTUkVzbFFPMVk\/view\">KB \u010cP &#8211; 6. kolo<\/a><\/td>\n<td>\u00a0<a title=\"v\u00fdsledky\" href=\"http:\/\/skmoravia.cz\/atletika\/pohar\/cp16ol2.htm\">v\u00fdsledky<\/a><\/td>\n<\/tr>\n<tr>\n<td>01.10.<\/td>\n<td>Olomouc<\/td>\n<td>Zakon\u010den\u00ed sez\u00f3ny<\/td>\n<td>\u00a0<\/td>\n<\/tr>\n<tr>\n<td>10.12.<\/td>\n<td>Olomouc<\/td>\n<td><a title=\"V\u00e1no\u010dn\u00ed koule\" href=\"https:\/\/drive.google.com\/file\/d\/0B1uG42nYXV2tRmc5R0I5d3N0Q0U\/view\">Mezin\u00e1rodn\u00ed v\u00e1no\u010dn\u00ed vrha\u010dsk\u00fd m\u00edtink<\/a><\/td>\n<td>\u00a0v\u00fdsledky<\/td>\n<\/tr>\n<tr>\n<td>\u00a0<\/td>\n<td>\u00a0<\/td>\n<td>\u00a0<\/td>\n<td>\u00a0<\/td>\n<\/tr>\n<tr>\n<td>\u00a0<\/td>\n<td>\u00a0<\/td>\n<td>\u00a0<\/td>\n<td>\u00a0<\/td>\n<\/tr>\n<\/tbody>\n<\/table>\n","protected":false},"excerpt":{"rendered":"<p>datum kde z\u00e1vod \u00a0 26.02. Olomouc P\u0159ebor Olomouck\u00e9ho kraje a z\u00e1vod voz\u00ed\u010dk\u00e1\u0159\u016f (IPC) \u00a0 14.-15.03. Dubai Sharjah 6th International Open Athletics Meeting \u00a0v\u00fdsledky 15.-21.03. Dubai 8th Fazaa International Athletics Competition \u00a0v\u00fdsledky 31.03. Olomouc Jarn\u00ed z\u00e1vod (IPC)\u00a0 \u00a0v\u00fdsledky 04.-08.05. Nymburk Soust\u0159ed\u011bn\u00ed &hellip; <a href=\"https:\/\/old.atletikaolomouc.cz\/?page_id=7017\">Continue reading <span class=\"meta-nav\">&rarr;<\/span><\/a><\/p>\n","protected":false},"author":3,"featured_media":0,"parent":7011,"menu_order":1,"comment_status":"closed","ping_status":"closed","template":"","meta":{"ngg_post_thumbnail":0},"_links":{"self":[{"href":"https:\/\/old.atletikaolomouc.cz\/index.php?rest_route=\/wp\/v2\/pages\/7017"}],"collection":[{"href":"https:\/\/old.atletikaolomouc.cz\/index.php?rest_route=\/wp\/v2\/pages"}],"about":[{"href":"https:\/\/old.atletikaolomouc.cz\/index.php?rest_route=\/wp\/v2\/types\/page"}],"author":[{"embeddable":true,"href":"https:\/\/old.atletikaolomouc.cz\/index.php?rest_route=\/wp\/v2\/users\/3"}],"replies":[{"embeddable":true,"href":"https:\/\/old.atletikaolomouc.cz\/index.php?rest_route=%2Fwp%2Fv2%2Fcomments&post=7017"}],"version-history":[{"count":35,"href":"https:\/\/old.atletikaolomouc.cz\/index.php?rest_route=\/wp\/v2\/pages\/7017\/revisions"}],"predecessor-version":[{"id":7061,"href":"https:\/\/old.atletikaolomouc.cz\/index.php?rest_route=\/wp\/v2\/pages\/7017\/revisions\/7061"}],"up":[{"embeddable":true,"href":"https:\/\/old.atletikaolomouc.cz\/index.php?rest_route=\/wp\/v2\/pages\/7011"}],"wp:attachment":[{"href":"https:\/\/old.atletikaolomouc.cz\/index.php?rest_route=%2Fwp%2Fv2%2Fmedia&parent=7017"}],"curies":[{"name":"wp","href":"https:\/\/api.w.org\/{rel}","templated":true}]}}