{"id":8124,"date":"2016-12-01T13:12:42","date_gmt":"2016-12-01T12:12:42","guid":{"rendered":"http:\/\/www.atletikaolomouc.cz\/?page_id=8124"},"modified":"2018-01-05T10:15:25","modified_gmt":"2018-01-05T09:15:25","slug":"zavody-2017","status":"publish","type":"page","link":"https:\/\/old.atletikaolomouc.cz\/?page_id=8124","title":{"rendered":"Z\u00e1vody 2017"},"content":{"rendered":"<table>\n<tbody>\n<tr>\n<td><strong>Datum:<\/strong><\/td>\n<td><strong>Kde:<\/strong><\/td>\n<td><strong>Z\u00e1vod:<\/strong><\/td>\n<td>\u00a0<\/td>\n<\/tr>\n<tr>\n<td style=\"text-align: left;\">17.02.<\/td>\n<td style=\"text-align: left;\">Olomouc\u00a0<\/td>\n<td style=\"text-align: justify;\"><a href=\"https:\/\/drive.google.com\/file\/d\/0B1uG42nYXV2tNkw3S3lsbTV1THc\/view\">Krajsk\u00fd p\u0159ebor &#8211; z\u00e1vody ml. \u017eactva, kontroln\u00ed z\u00e1vody v ch\u016fzi \u017eactva a veter\u00e1n\u016f a z\u00e1vody voz\u00ed\u010dk\u00e1\u0159\u016f (IPC)\u00a0<\/a><\/td>\n<td><a href=\"https:\/\/drive.google.com\/open?id=1HWeM4v2MorwrPy4IV1OyPg0GEMk0PpHO\">v\u00fdsledky<\/a><\/td>\n<\/tr>\n<tr>\n<td>24.-26.02<\/td>\n<td style=\"text-align: left;\">Olomouc<\/td>\n<td style=\"text-align: justify;\"><a href=\"https:\/\/drive.google.com\/open?id=18wPRFB5O-22e05v5LIYhiZiYzmxc032m\">Silov\u00e9 soust\u0159ed\u011bn\u00ed (podpora nadace AGROFERT)<\/a><\/td>\n<td><a href=\"https:\/\/drive.google.com\/open?id=1yloaFMXMt4xpt1XMynRB0cmSTRUXOjTL\">Harmonogram<\/a><\/td>\n<\/tr>\n<tr>\n<td>11.03<\/td>\n<td style=\"text-align: left;\">Ostrava<\/td>\n<td><a href=\"https:\/\/drive.google.com\/open?id=0Bw7yK3KeNvhBaDR2djVncXRyc2s\">B\u0159eznov\u00e9 halov\u00e9 z\u00e1vody voz\u00ed\u010dk\u00e1\u0159\u016f<\/a><\/td>\n<td><a href=\"https:\/\/drive.google.com\/file\/d\/0B1uG42nYXV2tQTFIQ0Y1S044SjA\/view\">v\u00fdsledky\u00a0<\/a><\/td>\n<\/tr>\n<tr>\n<td>17.-24.03.<\/td>\n<td style=\"text-align: left;\">Dubai<\/td>\n<td><a title=\"dubai propozice\" href=\"https:\/\/drive.google.com\/file\/d\/0B1uG42nYXV2tVC1oaUxIcjUyNGM\/view\">9th Fazaa International Athletics Competition<\/a><\/td>\n<td><a href=\"http:\/\/www.team-thomas.org\">v\u00fdsledky<\/a><\/td>\n<\/tr>\n<tr>\n<td>25.-27.03\u00a0<\/td>\n<td style=\"text-align: left;\">Dubai\u00a0<\/td>\n<td><a href=\"http:\/\/www.team-thomas.org\/_aus17\/Sharjah%202017.pdf\">Sharjah 7th International Open Athletics Meeting<\/a><\/td>\n<td><a href=\"http:\/\/www.team-thomas.org\">v\u00fdsledky<\/a><\/td>\n<\/tr>\n<tr>\n<td>08.05.<\/td>\n<td style=\"text-align: left;\">Pardubice<\/td>\n<td><a href=\"https:\/\/drive.google.com\/file\/d\/0B1uG42nYXV2tamdwV1FIdUZnVFU\/view\">\u010cesk\u00fd poh\u00e1r Atletiky voz\u00ed\u010dk\u00e1\u0159\u016f<\/a><\/td>\n<td><a href=\"http:\/\/skmoravia.cz\/atletika\/pohar\/cp17pa.htm\">v\u00fdsledky<\/a><\/td>\n<\/tr>\n<tr>\n<td>21.05.<\/td>\n<td style=\"text-align: left;\">Olomouc<\/td>\n<td><a href=\"https:\/\/drive.google.com\/open?id=0BwF0nxLTRKlHZ24zNTZqZG8taWc\">\u010cesk\u00fd poh\u00e1r Atletiky voz\u00ed\u010dk\u00e1\u0159\u016f<\/a> + <a href=\"http:\/\/www.csns-atletika.wz.cz\">M\u010cR nesly\u0161\u00edc\u00edch<\/a><\/td>\n<td><a href=\"http:\/\/skmoravia.cz\/index.php?option=com_content&amp;task=view&amp;id=499&amp;Itemid=36\">v\u00fdsledky<\/a>+<a href=\"http:\/\/www.csns-atletika.wz.cz\">M\u010cR<\/a><\/td>\n<\/tr>\n<tr>\n<td>24.-28.05.<\/td>\n<td style=\"text-align: left;\">Zagreb<\/td>\n<td><a href=\"https:\/\/drive.google.com\/file\/d\/0B1uG42nYXV2tWjdranhBXzNoVXM\/view\">Croatia Open 2017<\/a><\/td>\n<td><a href=\"https:\/\/drive.google.com\/open?id=1vc5mefYCpKH-R4BlmWlU26lI5rs1VczR\">v\u00fdsledky \u00a0 \u00a0 \u00a0<\/a><\/td>\n<\/tr>\n<tr>\n<td>27.05.<\/td>\n<td style=\"text-align: left;\">B\u00edlina<\/td>\n<td>Jarn\u00ed atletika spastik\u016f TJ\/SK<\/td>\n<td>\u00a0<\/td>\n<\/tr>\n<tr>\n<td>10.or 24.06.<\/td>\n<td style=\"text-align: left;\">B\u00edlina<\/td>\n<td>M\u010cR Spastik\u016f<\/td>\n<td>\u00a0<\/td>\n<\/tr>\n<tr>\n<td>24.-26.08.<\/td>\n<td style=\"text-align: left;\">Olomouc<\/td>\n<td><a title=\"\u010cesky\" href=\"http:\/\/www.atletikaolomouc.cz\/?page_id=5617\">CZECH OPEN\u00a02017<\/a><\/td>\n<td>\u00a0<a href=\"http:\/\/www.atletikaolomouc.cz\/?page_id=6230\">v\u00fdsledky<\/a>\u00a0 \u00a0 \u00a0\u00a0<\/td>\n<\/tr>\n<tr>\n<td>z\u00e1\u0159\u00ed<\/td>\n<td style=\"text-align: left;\">St\u0159\u00edbro<\/td>\n<td>Podzimn\u00ed atletika<\/td>\n<td>\u00a0<\/td>\n<\/tr>\n<tr>\n<td>02.09<\/td>\n<td style=\"text-align: left;\">Praha<\/td>\n<td><a href=\"https:\/\/drive.google.com\/file\/d\/0B1uG42nYXV2tbHlMOURtcmYweVU\/view\">\u010cesk\u00fd poh\u00e1r Atletiky voz\u00ed\u010dk\u00e1\u0159\u016f<\/a><\/td>\n<td>\u00a0<a href=\"http:\/\/skmoravia.cz\/index.php?option=com_content&amp;task=view&amp;id=520&amp;Itemid=36\">v\u00fdsledky<\/a><\/td>\n<\/tr>\n<tr>\n<td>23.09<\/td>\n<td style=\"text-align: left;\">Brno<\/td>\n<td><a href=\"https:\/\/drive.google.com\/open?id=17wgmk9YKsRMR_tO8w6EEs0ZZQ2Kon94q\">\u010cesk\u00fd poh\u00e1r Atletiky voz\u00ed\u010dk\u00e1\u0159\u016f<\/a><\/td>\n<td><a href=\"http:\/\/skmoravia.cz\/index.php?option=com_content&amp;task=view&amp;id=521&amp;Itemid=36\">\u00a0v\u00fdsledky<\/a><\/td>\n<\/tr>\n<tr>\n<td>01.10.<\/td>\n<td style=\"text-align: left;\">Olomouc<\/td>\n<td><a href=\"https:\/\/drive.google.com\/open?id=1mVtvE9oJn_o__ccHr_reV8R8H2_zHM94\">\u010cesk\u00fd poh\u00e1r Atletiky voz\u00ed\u010dk\u00e1\u0159\u016f<\/a><\/td>\n<td>\u00a0<a href=\"http:\/\/skmoravia.cz\/index.php?option=com_content&amp;task=view&amp;id=523&amp;Itemid=36\">v\u00fdsledky<\/a><\/td>\n<\/tr>\n<tr>\n<td>1.12-5.12. \u00a0 \u00a0 \u00a0\u00a0<\/td>\n<td style=\"text-align: left;\">Portugalsko \u00a0 \u00a0 \u00a0 \u00a0<\/td>\n<td>\u00a0<a href=\"http:\/\/www.iwasf.com\/iwasf\/index.cfm\/games\/iwas-world-games11\/iwas-world-games-2017\/\">IWAS World Games<\/a><\/td>\n<td>\u00a0<a href=\"http:\/\/team-thomas.org\/_erg17\/IWAS\/?sub=zeitplan.php&amp;tag=1#aktuell\">v\u00fdsledky<\/a><\/td>\n<\/tr>\n<tr>\n<td>9.12.<\/td>\n<td style=\"text-align: left;\">Ostrava<\/td>\n<td><a href=\"http:\/\/aoztp.cz\/2017\/10\/30\/predvanocni-zavody-vrh-pekelnou-kouli\/\">Vrh pekelnou koul\u00ed\u00a0<\/a><\/td>\n<td>\u00a0<a title=\"Vrh pekelnou koul\u00ed\" href=\"https:\/\/drive.google.com\/open?id=1qfd7sSdC1zbo6W2cxOthoIsc4YbEmArO\">v\u00fdsledky<\/a><\/td>\n<\/tr>\n<tr>\n<td>16.12.\u00a0<\/td>\n<td style=\"text-align: left;\">Olomouc\u00a0<\/td>\n<td><a href=\"https:\/\/drive.google.com\/file\/d\/1hUzBjdO3nC4yWnkpZ8gm5i45RG_FiWwn\/view\">V\u00e1no\u010dn\u00ed vrha\u010dsk\u00fd m\u00edtink<\/a>\u00a0<\/td>\n<td>\u00a0<a title=\"V\u00e1no\u010dn\u00ed vrha\u010dsk\u00fd m\u00edtink\" href=\"https:\/\/drive.google.com\/open?id=1UlIcNQ4B-gMYrDq1bcp-RC9OjJ6cwrQx\">v\u00fdsledky<\/a>\u00a0<\/td>\n<\/tr>\n<tr>\n<td>\u00a0<\/td>\n<td>\u00a0<\/td>\n<td>\u00a0<\/td>\n<td>\u00a0<\/td>\n<\/tr>\n<tr>\n<td>\u00a0<\/td>\n<td>\u00a0<\/td>\n<td>\u00a0<\/td>\n<td>\u00a0<\/td>\n<\/tr>\n<tr>\n<td>\u00a0<\/td>\n<td>\u00a0<\/td>\n<td>\u00a0<\/td>\n<td>\u00a0<\/td>\n<\/tr>\n<\/tbody>\n<\/table>\n","protected":false},"excerpt":{"rendered":"<p>Datum: Kde: Z\u00e1vod: \u00a0 17.02. Olomouc\u00a0 Krajsk\u00fd p\u0159ebor &#8211; z\u00e1vody ml. \u017eactva, kontroln\u00ed z\u00e1vody v ch\u016fzi \u017eactva a veter\u00e1n\u016f a z\u00e1vody voz\u00ed\u010dk\u00e1\u0159\u016f (IPC)\u00a0 v\u00fdsledky 24.-26.02 Olomouc Silov\u00e9 soust\u0159ed\u011bn\u00ed (podpora nadace AGROFERT) Harmonogram 11.03 Ostrava B\u0159eznov\u00e9 halov\u00e9 z\u00e1vody voz\u00ed\u010dk\u00e1\u0159\u016f v\u00fdsledky\u00a0 17.-24.03. &hellip; <a href=\"https:\/\/old.atletikaolomouc.cz\/?page_id=8124\">Continue reading <span class=\"meta-nav\">&rarr;<\/span><\/a><\/p>\n","protected":false},"author":4,"featured_media":0,"parent":7011,"menu_order":1,"comment_status":"closed","ping_status":"closed","template":"","meta":{"ngg_post_thumbnail":0},"_links":{"self":[{"href":"https:\/\/old.atletikaolomouc.cz\/index.php?rest_route=\/wp\/v2\/pages\/8124"}],"collection":[{"href":"https:\/\/old.atletikaolomouc.cz\/index.php?rest_route=\/wp\/v2\/pages"}],"about":[{"href":"https:\/\/old.atletikaolomouc.cz\/index.php?rest_route=\/wp\/v2\/types\/page"}],"author":[{"embeddable":true,"href":"https:\/\/old.atletikaolomouc.cz\/index.php?rest_route=\/wp\/v2\/users\/4"}],"replies":[{"embeddable":true,"href":"https:\/\/old.atletikaolomouc.cz\/index.php?rest_route=%2Fwp%2Fv2%2Fcomments&post=8124"}],"version-history":[{"count":27,"href":"https:\/\/old.atletikaolomouc.cz\/index.php?rest_route=\/wp\/v2\/pages\/8124\/revisions"}],"predecessor-version":[{"id":8126,"href":"https:\/\/old.atletikaolomouc.cz\/index.php?rest_route=\/wp\/v2\/pages\/8124\/revisions\/8126"}],"up":[{"embeddable":true,"href":"https:\/\/old.atletikaolomouc.cz\/index.php?rest_route=\/wp\/v2\/pages\/7011"}],"wp:attachment":[{"href":"https:\/\/old.atletikaolomouc.cz\/index.php?rest_route=%2Fwp%2Fv2%2Fmedia&parent=8124"}],"curies":[{"name":"wp","href":"https:\/\/api.w.org\/{rel}","templated":true}]}}