{"id":8868,"date":"2017-05-16T11:22:51","date_gmt":"2017-05-16T09:22:51","guid":{"rendered":"http:\/\/www.atletikaolomouc.cz\/?page_id=8868"},"modified":"2020-03-25T21:09:30","modified_gmt":"2020-03-25T20:09:30","slug":"dorostenci","status":"publish","type":"page","link":"https:\/\/old.atletikaolomouc.cz\/?page_id=8868","title":{"rendered":"Dorostenci"},"content":{"rendered":"<p style=\"text-align: center;\"><strong>Sout\u011b\u017e dru\u017estev dorostenc\u016f a dorostenek<\/strong><\/p>\n<p><strong>Vedouc\u00ed dru\u017estva:<\/strong><br \/>\nRNDr. Ji\u0159\u00ed Novotn\u00fd<br \/>\n734 315 950<br \/>\nemail:&nbsp;<a href=\"mailto:jiri.l.novotny@centrum.cz\">jiri.l.novotny@centrum.cz<\/a><\/p>\n<p><strong>Term\u00edny:<\/strong><\/p>\n<table border=\"0\">\n<tbody>\n<tr>\n<td>&nbsp;<\/td>\n<td>&nbsp;<\/td>\n<td>&nbsp;<\/td>\n<td>&nbsp;<\/td>\n<td>&nbsp;<\/td>\n<\/tr>\n<tr>\n<td>&nbsp;<\/td>\n<td>&nbsp;<\/td>\n<td>&nbsp;<\/td>\n<td>&nbsp;<\/td>\n<td>&nbsp;<\/td>\n<\/tr>\n<tr>\n<td>&nbsp;<\/td>\n<td>&nbsp;<\/td>\n<td>&nbsp;<\/td>\n<td>&nbsp;<\/td>\n<td>&nbsp;<\/td>\n<\/tr>\n<tr>\n<td>&nbsp;<\/td>\n<td>&nbsp;<\/td>\n<td>&nbsp;<\/td>\n<td>&nbsp;<\/td>\n<td>&nbsp;<\/td>\n<\/tr>\n<\/tbody>\n<\/table>\n<p><strong>Zpravodaje:<\/strong><\/p>\n<table border=\"0\">\n<tbody>\n<tr>\n<td>&nbsp;<\/td>\n<td>&nbsp;<\/td>\n<\/tr>\n<tr>\n<td>&nbsp;<\/td>\n<td>&nbsp;<\/td>\n<\/tr>\n<\/tbody>\n<\/table>\n<p><strong>Po\u0159ad\u00ed dru\u017estev:<br \/>\n<\/strong><\/p>\n<table style=\"width: 376px; height: 298px;\" border=\"0\" cellspacing=\"0\" cellpadding=\"0\">\n<tbody>\n<tr style=\"height: 30px;\">\n<td style=\"width: 73px; height: 30px;\" height=\"21\">&nbsp;<\/td>\n<td style=\"width: 209px; height: 30px;\">&nbsp;<\/td>\n<td style=\"width: 94px; height: 30px;\">&nbsp;<\/td>\n<\/tr>\n<tr style=\"height: 30px;\">\n<td style=\"text-align: left; width: 73px; height: 30px;\" align=\"right\" height=\"21\">&nbsp;<\/td>\n<td style=\"width: 209px; height: 30px;\">&nbsp;<\/td>\n<td class=\"aright bold\" style=\"width: 94px;\">&nbsp;<\/td>\n<\/tr>\n<tr style=\"height: 30px;\">\n<td style=\"text-align: left; width: 73px; height: 30px;\" align=\"right\" height=\"21\">&nbsp;<\/td>\n<td style=\"width: 209px; height: 30px;\">&nbsp;<\/td>\n<td style=\"width: 94px;\">&nbsp;<\/td>\n<\/tr>\n<tr style=\"height: 30px;\">\n<td style=\"text-align: left; width: 73px; height: 30px;\" align=\"right\" height=\"21\">&nbsp;<\/td>\n<td style=\"width: 209px; height: 30px;\">&nbsp;<\/td>\n<td style=\"width: 94px; height: 30px;\">&nbsp;<\/td>\n<\/tr>\n<tr style=\"height: 30px;\">\n<td style=\"text-align: left; width: 73px; height: 30px;\" align=\"right\" height=\"21\">&nbsp;<\/td>\n<td style=\"width: 209px; height: 30px;\">&nbsp;<\/td>\n<td class=\"aright bold\" style=\"width: 94px;\">&nbsp;<\/td>\n<\/tr>\n<tr style=\"height: 30px;\">\n<td style=\"text-align: left; width: 73px; height: 30px;\" align=\"right\" height=\"21\">&nbsp;<\/td>\n<td style=\"width: 209px; height: 30px;\">&nbsp;<\/td>\n<td style=\"width: 94px;\">&nbsp;<\/td>\n<\/tr>\n<tr style=\"height: 30px;\">\n<td style=\"text-align: left; width: 73px; height: 30px;\" align=\"right\" height=\"21\">&nbsp;<\/td>\n<td style=\"width: 209px; height: 30px;\">&nbsp;<\/td>\n<td style=\"width: 94px; height: 30px;\">&nbsp;<\/td>\n<\/tr>\n<tr style=\"height: 58px;\">\n<td style=\"text-align: left; width: 73px; height: 58px;\" align=\"right\" height=\"21\">&nbsp;<\/td>\n<td style=\"width: 209px; height: 58px;\">&nbsp;<\/td>\n<td style=\"width: 94px; height: 58px;\">&nbsp;<\/td>\n<\/tr>\n<tr style=\"height: 30px;\">\n<td style=\"text-align: left; width: 73px; height: 30px;\" align=\"right\" height=\"21\">&nbsp;<\/td>\n<td style=\"width: 209px; height: 30px;\">&nbsp;<\/td>\n<td style=\"width: 94px; height: 30px;\">&nbsp;<\/td>\n<\/tr>\n<\/tbody>\n<\/table>\n<table style=\"width: 377px; height: 242px;\" border=\"0\" cellspacing=\"0\" cellpadding=\"0\">\n<tbody>\n<tr style=\"height: 30px;\">\n<td style=\"text-align: left; width: 73px; height: 30px;\" align=\"right\" height=\"21\">&nbsp;<\/td>\n<td style=\"width: 210px; height: 30px;\">&nbsp;<\/td>\n<td style=\"width: 92px; height: 30px;\">&nbsp;<\/td>\n<\/tr>\n<tr style=\"height: 30px;\">\n<td style=\"text-align: left; width: 73px; height: 30px;\" align=\"right\" height=\"21\">&nbsp;<\/td>\n<td style=\"width: 210px; height: 30px;\">&nbsp;<\/td>\n<td style=\"width: 92px; height: 30px;\">&nbsp;<\/td>\n<\/tr>\n<tr style=\"height: 30px;\">\n<td style=\"text-align: left; width: 73px; height: 30px;\" align=\"right\" height=\"21\">&nbsp;<\/td>\n<td style=\"width: 210px; height: 30px;\">&nbsp;<\/td>\n<td style=\"width: 92px; height: 30px;\">&nbsp;<\/td>\n<\/tr>\n<tr style=\"height: 30px;\">\n<td style=\"text-align: left; width: 73px; height: 30px;\" align=\"right\" height=\"21\">&nbsp;<\/td>\n<td style=\"width: 210px; height: 30px;\">&nbsp;<\/td>\n<td style=\"width: 92px; height: 30px;\">&nbsp;<\/td>\n<\/tr>\n<tr style=\"height: 30px;\">\n<td style=\"text-align: left; width: 73px; height: 30px;\" align=\"right\" height=\"21\">&nbsp;<\/td>\n<td style=\"width: 210px; height: 30px;\">&nbsp;<\/td>\n<td style=\"width: 92px; height: 30px;\">&nbsp;<\/td>\n<\/tr>\n<tr style=\"height: 30px;\">\n<td style=\"text-align: left; width: 73px; height: 30px;\" align=\"right\" height=\"21\">&nbsp;<\/td>\n<td style=\"width: 210px; height: 30px;\">&nbsp;<\/td>\n<td style=\"width: 92px; height: 30px;\">&nbsp;<\/td>\n<\/tr>\n<tr style=\"height: 58px;\">\n<td style=\"text-align: left; width: 73px; height: 32px;\" align=\"right\" height=\"21\">&nbsp;<\/td>\n<td style=\"width: 210px; height: 32px;\">&nbsp;<\/td>\n<td style=\"width: 92px; height: 32px;\">&nbsp;<\/td>\n<\/tr>\n<tr style=\"height: 30px;\">\n<td style=\"text-align: left; width: 73px; height: 30px;\" align=\"right\" height=\"21\">&nbsp;<\/td>\n<td style=\"width: 210px; height: 30px;\">&nbsp;<\/td>\n<td style=\"width: 92px; height: 30px;\">&nbsp;<\/td>\n<\/tr>\n<\/tbody>\n<\/table>\n<p>&nbsp;<strong>Soupiska dru\u017estva:<br \/>\n<\/strong><\/p>\n<table style=\"width: 206px;\" border=\"0\" cellspacing=\"0\" cellpadding=\"0\">\n<colgroup>\n<col width=\"206\"> <\/colgroup>\n<tbody>\n<tr>\n<td width=\"206\" height=\"20\">&nbsp;<\/td>\n<\/tr>\n<tr>\n<td height=\"20\">&nbsp;<\/td>\n<\/tr>\n<tr>\n<td height=\"21\">&nbsp;<\/td>\n<\/tr>\n<tr>\n<td height=\"21\">&nbsp;<\/td>\n<\/tr>\n<tr>\n<td height=\"20\">&nbsp;<\/td>\n<\/tr>\n<tr>\n<td height=\"20\">&nbsp;<\/td>\n<\/tr>\n<tr>\n<td height=\"20\">&nbsp;<\/td>\n<\/tr>\n<tr>\n<td height=\"20\">&nbsp;<\/td>\n<\/tr>\n<tr>\n<td height=\"20\">&nbsp;<\/td>\n<\/tr>\n<tr>\n<td height=\"21\">&nbsp;<\/td>\n<\/tr>\n<tr>\n<td height=\"21\">&nbsp;<\/td>\n<\/tr>\n<tr>\n<td height=\"21\">&nbsp;<\/td>\n<\/tr>\n<tr>\n<td height=\"20\">&nbsp;<\/td>\n<\/tr>\n<tr>\n<td height=\"21\">&nbsp;<\/td>\n<\/tr>\n<tr>\n<td height=\"20\">&nbsp;<\/td>\n<\/tr>\n<tr>\n<td height=\"20\">&nbsp;<\/td>\n<\/tr>\n<tr>\n<td height=\"20\">&nbsp;<\/td>\n<\/tr>\n<tr>\n<td height=\"21\">&nbsp;<\/td>\n<\/tr>\n<tr>\n<td height=\"20\">&nbsp;<\/td>\n<\/tr>\n<tr>\n<td height=\"21\">&nbsp;<\/td>\n<\/tr>\n<\/tbody>\n<\/table>\n<p><strong>&nbsp;<\/strong><\/p>\n","protected":false},"excerpt":{"rendered":"<p>Sout\u011b\u017e dru\u017estev dorostenc\u016f a dorostenek Vedouc\u00ed dru\u017estva: RNDr. Ji\u0159\u00ed Novotn\u00fd 734 315 950 email:&nbsp;jiri.l.novotny@centrum.cz Term\u00edny: &nbsp; &nbsp; &nbsp; &nbsp; &nbsp; &nbsp; &nbsp; &nbsp; &nbsp; &nbsp; &nbsp; &nbsp; &nbsp; &nbsp; &nbsp; &nbsp; &nbsp; &nbsp; &nbsp; &nbsp; Zpravodaje: &nbsp; &nbsp; &nbsp; &nbsp; &hellip; <a href=\"https:\/\/old.atletikaolomouc.cz\/?page_id=8868\">Continue reading <span class=\"meta-nav\">&rarr;<\/span><\/a><\/p>\n","protected":false},"author":4,"featured_media":0,"parent":0,"menu_order":0,"comment_status":"closed","ping_status":"closed","template":"","meta":{"ngg_post_thumbnail":0},"_links":{"self":[{"href":"https:\/\/old.atletikaolomouc.cz\/index.php?rest_route=\/wp\/v2\/pages\/8868"}],"collection":[{"href":"https:\/\/old.atletikaolomouc.cz\/index.php?rest_route=\/wp\/v2\/pages"}],"about":[{"href":"https:\/\/old.atletikaolomouc.cz\/index.php?rest_route=\/wp\/v2\/types\/page"}],"author":[{"embeddable":true,"href":"https:\/\/old.atletikaolomouc.cz\/index.php?rest_route=\/wp\/v2\/users\/4"}],"replies":[{"embeddable":true,"href":"https:\/\/old.atletikaolomouc.cz\/index.php?rest_route=%2Fwp%2Fv2%2Fcomments&post=8868"}],"version-history":[{"count":6,"href":"https:\/\/old.atletikaolomouc.cz\/index.php?rest_route=\/wp\/v2\/pages\/8868\/revisions"}],"predecessor-version":[{"id":16317,"href":"https:\/\/old.atletikaolomouc.cz\/index.php?rest_route=\/wp\/v2\/pages\/8868\/revisions\/16317"}],"wp:attachment":[{"href":"https:\/\/old.atletikaolomouc.cz\/index.php?rest_route=%2Fwp%2Fv2%2Fmedia&parent=8868"}],"curies":[{"name":"wp","href":"https:\/\/api.w.org\/{rel}","templated":true}]}}